Last updated on 2024-03-28 17:49:24 CET.
Flavor | Version | Tinstall | Tcheck | Ttotal | Status | Flags |
---|---|---|---|---|---|---|
r-devel-linux-x86_64-debian-clang | 1.3 | 2.99 | 35.49 | 38.48 | OK | |
r-devel-linux-x86_64-debian-gcc | 1.3 | 2.30 | 26.73 | 29.03 | OK | |
r-devel-linux-x86_64-fedora-clang | 1.3 | 48.11 | NOTE | |||
r-devel-linux-x86_64-fedora-gcc | 1.3 | 45.04 | NOTE | |||
r-devel-windows-x86_64 | 1.3 | 3.00 | 55.00 | 58.00 | OK | |
r-patched-linux-x86_64 | 1.3 | 2.60 | 33.97 | 36.57 | OK | |
r-release-linux-x86_64 | 1.3 | 1.99 | 33.17 | 35.16 | OK | |
r-release-macos-arm64 | 1.3 | 27.00 | OK | |||
r-release-macos-x86_64 | 1.3 | 28.00 | OK | |||
r-release-windows-x86_64 | 1.3 | 4.00 | 53.00 | 57.00 | OK | |
r-oldrel-macos-arm64 | 1.3 | 20.00 | NOTE | |||
r-oldrel-windows-x86_64 | 1.3 | 4.00 | 58.00 | 62.00 | OK |
Version: 1.3
Check: dependencies in R code
Result: NOTE
Namespaces in Imports field not imported from:
‘Matrix’ ‘stringr’
All declared Imports should be used.
Flavors: r-devel-linux-x86_64-fedora-clang, r-devel-linux-x86_64-fedora-gcc, r-oldrel-macos-arm64