Last updated on 2025-11-23 05:50:12 CET.
| Flavor | Version | Tinstall | Tcheck | Ttotal | Status | Flags |
|---|---|---|---|---|---|---|
| r-devel-linux-x86_64-debian-clang | 2.0.0 | 4.12 | 52.30 | 56.42 | NOTE | |
| r-devel-linux-x86_64-debian-gcc | 2.0.0 | 3.61 | 38.87 | 42.48 | NOTE | |
| r-devel-linux-x86_64-fedora-clang | 2.0.0 | 13.00 | 77.06 | 90.06 | OK | |
| r-devel-windows-x86_64 | 2.0.0 | 9.00 | 64.00 | 73.00 | OK | |
| r-patched-linux-x86_64 | 2.0.0 | 4.18 | 47.84 | 52.02 | OK | |
| r-release-linux-x86_64 | 2.0.0 | 5.46 | 47.67 | 53.13 | OK | |
| r-release-macos-arm64 | 2.0.0 | OK | ||||
| r-release-macos-x86_64 | 2.0.0 | 4.00 | 53.00 | 57.00 | OK | |
| r-release-windows-x86_64 | 2.0.0 | 8.00 | 62.00 | 70.00 | OK | |
| r-oldrel-macos-arm64 | 2.0.0 | OK | ||||
| r-oldrel-macos-x86_64 | 2.0.0 | 4.00 | 44.00 | 48.00 | OK | |
| r-oldrel-windows-x86_64 | 2.0.0 | 9.00 | 77.00 | 86.00 | OK |
Version: 2.0.0
Check: CRAN incoming feasibility
Result: NOTE
Maintainer: ‘Dadong Zhang <dzhang4@illumina.com>’
No Authors@R field in DESCRIPTION.
Please add one, modifying
Authors@R: c(person(given = "Dadong",
family = "Zhang",
role = c("aut", "cre"),
email = "dzhang4@illumina.com"),
person(given = "Jingye",
family = "Wang",
role = "aut",
email = "jwang16@illumina.com"),
person(given = "Suqin",
family = "Cai",
role = "aut",
email = "scai1@illumina.com"),
person(given = "Johan",
family = "Surtihadi",
role = "aut",
email = "jsurtihadi@illumina.com"))
as necessary.
Flavors: r-devel-linux-x86_64-debian-clang, r-devel-linux-x86_64-debian-gcc