CRAN Package Check Results for Package CLAST

Last updated on 2025-07-22 18:53:45 CEST.

Flavor Version Tinstall Tcheck Ttotal Status Flags
r-devel-linux-x86_64-debian-clang 1.0.1 2.68 23.33 26.01 NOTE
r-devel-linux-x86_64-debian-gcc 1.0.1 2.09 18.42 20.51 NOTE
r-devel-linux-x86_64-fedora-clang 1.0.1 40.76 OK
r-devel-linux-x86_64-fedora-gcc 1.0.1 39.04 OK
r-devel-windows-x86_64 1.0.1 3.00 46.00 49.00 OK
r-patched-linux-x86_64 1.0.1 2.78 22.09 24.87 OK
r-release-linux-x86_64 1.0.1 2.50 21.95 24.45 OK
r-release-macos-arm64 1.0.1 18.00 OK
r-release-macos-x86_64 1.0.1 26.00 OK
r-release-windows-x86_64 1.0.1 3.00 47.00 50.00 OK
r-oldrel-macos-arm64 1.0.1 20.00 OK
r-oldrel-macos-x86_64 1.0.1 36.00 OK
r-oldrel-windows-x86_64 1.0.1 3.00 44.00 47.00 OK

Check Details

Version: 1.0.1
Check: CRAN incoming feasibility
Result: NOTE Maintainer: ‘Chris J. Lloyd <c.lloyd@mbs.edu>’ No Authors@R field in DESCRIPTION. Please add one, modifying Authors@R: person(given = c("Chris", "J."), family = "Lloyd", role = c("aut", "cre"), email = "c.lloyd@mbs.edu") as necessary. Flavors: r-devel-linux-x86_64-debian-clang, r-devel-linux-x86_64-debian-gcc