Last updated on 2025-11-23 05:50:12 CET.
| Flavor | Version | Tinstall | Tcheck | Ttotal | Status | Flags |
|---|---|---|---|---|---|---|
| r-devel-linux-x86_64-debian-clang | 1.1.14 | 12.57 | 319.83 | 332.40 | NOTE | |
| r-devel-linux-x86_64-debian-gcc | 1.1.14 | 9.08 | 212.93 | 222.01 | NOTE | |
| r-devel-linux-x86_64-fedora-clang | 1.1.14 | 81.00 | 452.45 | 533.45 | NOTE | |
| r-devel-windows-x86_64 | 1.1.14 | 21.00 | 344.00 | 365.00 | NOTE | |
| r-patched-linux-x86_64 | 1.1.14 | 15.87 | 297.07 | 312.94 | NOTE | |
| r-release-linux-x86_64 | 1.1.14 | 12.95 | 297.51 | 310.46 | NOTE | |
| r-release-macos-arm64 | 1.1.14 | NOTE | ||||
| r-release-macos-x86_64 | 1.1.14 | 11.00 | 259.00 | 270.00 | NOTE | |
| r-release-windows-x86_64 | 1.1.14 | 14.00 | 303.00 | 317.00 | NOTE | |
| r-oldrel-macos-arm64 | 1.1.14 | OK | ||||
| r-oldrel-macos-x86_64 | 1.1.14 | 9.00 | 189.00 | 198.00 | OK | |
| r-oldrel-windows-x86_64 | 1.1.14 | 22.00 | 405.00 | 427.00 | OK |
Version: 1.1.14
Check: DESCRIPTION meta-information
Result: NOTE
Missing dependency on R >= 4.1.0 because package code uses the pipe
|> or function shorthand \(...) syntax added in R 4.1.0.
File(s) using such syntax:
‘utils.R’
Flavors: r-devel-linux-x86_64-debian-clang, r-devel-linux-x86_64-debian-gcc, r-devel-linux-x86_64-fedora-clang, r-devel-windows-x86_64, r-patched-linux-x86_64, r-release-linux-x86_64, r-release-macos-arm64, r-release-macos-x86_64, r-release-windows-x86_64