Last updated on 2024-07-03 18:57:33 CEST.
Flavor | Version | Tinstall | Tcheck | Ttotal | Status | Flags |
---|---|---|---|---|---|---|
r-devel-linux-x86_64-debian-clang | 0.2.1 | 13.05 | 100.45 | 113.50 | NOTE | |
r-devel-linux-x86_64-debian-gcc | 0.2.1 | 10.33 | 75.03 | 85.36 | NOTE | |
r-devel-linux-x86_64-fedora-clang | 0.2.1 | 145.51 | NOTE | |||
r-devel-linux-x86_64-fedora-gcc | 0.2.1 | 130.16 | NOTE | |||
r-devel-windows-x86_64 | 0.2.1 | 11.00 | 84.00 | 95.00 | NOTE | |
r-patched-linux-x86_64 | 0.2.1 | 11.35 | 94.23 | 105.58 | NOTE | |
r-release-linux-x86_64 | 0.2.1 | 8.18 | 96.66 | 104.84 | NOTE | |
r-release-macos-arm64 | 0.2.1 | 43.00 | NOTE | |||
r-release-macos-x86_64 | 0.2.1 | 61.00 | NOTE | |||
r-release-windows-x86_64 | 0.2.1 | 13.00 | 86.00 | 99.00 | NOTE | |
r-oldrel-macos-arm64 | 0.2.1 | 46.00 | OK | |||
r-oldrel-macos-x86_64 | 0.2.1 | 72.00 | OK | |||
r-oldrel-windows-x86_64 | 0.2.1 | 17.00 | 106.00 | 123.00 | OK |
Version: 0.2.1
Check: Rd files
Result: NOTE
checkRd: (-1) sharedat.Rd:23: Lost braces
23 | \doi{10.7910/DVN/YXMQZM}{Harvard dataverse}
| ^
Flavors: r-devel-linux-x86_64-debian-clang, r-devel-linux-x86_64-debian-gcc, r-devel-linux-x86_64-fedora-clang, r-devel-linux-x86_64-fedora-gcc, r-devel-windows-x86_64, r-patched-linux-x86_64, r-release-linux-x86_64, r-release-macos-arm64, r-release-macos-x86_64, r-release-windows-x86_64