Last updated on 2025-11-19 17:48:36 CET.
| Flavor | Version | Tinstall | Tcheck | Ttotal | Status | Flags |
|---|---|---|---|---|---|---|
| r-devel-linux-x86_64-debian-clang | 5.3.0 | 52.34 | 254.06 | 306.40 | OK | |
| r-devel-linux-x86_64-debian-gcc | 5.3.0 | 36.00 | 171.22 | 207.22 | OK | |
| r-devel-linux-x86_64-fedora-clang | 5.3.0 | 92.00 | 367.25 | 459.25 | OK | |
| r-devel-linux-x86_64-fedora-gcc | 5.3.0 | 229.00 | 273.49 | 502.49 | OK | |
| r-release-linux-x86_64 | 5.3.0 | 43.25 | 230.62 | 273.87 | OK | |
| r-release-macos-arm64 | 5.2.0 | 28.00 | 38.00 | 66.00 | OK | |
| r-release-macos-x86_64 | 5.3.0 | 45.00 | 228.00 | 273.00 | OK | |
| r-release-windows-x86_64 | 5.3.0 | 53.00 | 258.00 | 311.00 | OK | |
| r-oldrel-macos-arm64 | 5.3.0 | 1.00 | 10.00 | 11.00 | ERROR | |
| r-oldrel-macos-x86_64 | 5.3.0 | 61.00 | 276.00 | 337.00 | OK | |
| r-oldrel-windows-x86_64 | 5.3.0 | 59.00 | 313.00 | 372.00 | OK |
Version: 5.3.0
Check: whether package can be installed
Result: ERROR
Installation failed.
Flavor: r-oldrel-macos-arm64