Last updated on 2025-04-15 06:51:42 CEST.
Flavor | Version | Tinstall | Tcheck | Ttotal | Status | Flags |
---|---|---|---|---|---|---|
r-devel-linux-x86_64-debian-clang | 2.3.3 | 2.15 | 22.45 | 24.60 | NOTE | |
r-devel-linux-x86_64-debian-gcc | 2.3.3 | 1.92 | 17.90 | 19.82 | NOTE | |
r-devel-linux-x86_64-fedora-clang | 2.3.3 | 39.29 | NOTE | |||
r-devel-linux-x86_64-fedora-gcc | 2.3.3 | 37.70 | NOTE | |||
r-devel-windows-x86_64 | 2.3.3 | 4.00 | 43.00 | 47.00 | OK | |
r-patched-linux-x86_64 | 2.3.3 | 2.71 | 21.80 | 24.51 | NOTE | |
r-release-linux-x86_64 | 2.3.3 | 2.27 | 22.01 | 24.28 | NOTE | |
r-release-macos-arm64 | 2.3.3 | 16.00 | OK | |||
r-release-macos-x86_64 | 2.3.3 | 26.00 | OK | |||
r-release-windows-x86_64 | 2.3.3 | 4.00 | 43.00 | 47.00 | OK | |
r-oldrel-macos-arm64 | 2.3.3 | 16.00 | OK | |||
r-oldrel-macos-x86_64 | 2.3.3 | 25.00 | OK | |||
r-oldrel-windows-x86_64 | 2.3.3 | 3.00 | 41.00 | 44.00 | OK |
Version: 2.3.3
Check: for non-standard things in the check directory
Result: NOTE
Found the following files/directories:
‘Hello.csv’
Flavors: r-devel-linux-x86_64-debian-clang, r-devel-linux-x86_64-debian-gcc, r-devel-linux-x86_64-fedora-clang, r-devel-linux-x86_64-fedora-gcc, r-patched-linux-x86_64, r-release-linux-x86_64