Last updated on 2024-04-18 06:57:36 CEST.
Flavor | Version | Tinstall | Tcheck | Ttotal | Status | Flags |
---|---|---|---|---|---|---|
r-devel-linux-x86_64-debian-clang | 1.0-12 | 191.68 | 384.68 | 576.36 | NOTE | |
r-devel-linux-x86_64-debian-gcc | 1.0-12 | 145.96 | 269.06 | 415.02 | NOTE | |
r-devel-linux-x86_64-fedora-clang | 1.0-12 | 739.19 | NOTE | |||
r-devel-linux-x86_64-fedora-gcc | 1.0-12 | 735.42 | NOTE | |||
r-prerel-macos-arm64 | 1.0-12 | 160.00 | NOTE | |||
r-prerel-macos-x86_64 | 1.0-12 | 525.00 | NOTE | |||
r-prerel-windows-x86_64 | 1.0-12 | 148.00 | 333.00 | 481.00 | NOTE | |
r-patched-linux-x86_64 | 1.0-12 | 211.33 | 352.57 | 563.90 | NOTE | |
r-release-linux-x86_64 | 1.0-12 | 156.01 | 371.25 | 527.26 | NOTE | |
r-release-macos-arm64 | 1.0-12 | 178.00 | NOTE | |||
r-release-macos-x86_64 | 1.0-12 | 469.00 | NOTE | |||
r-release-windows-x86_64 | 1.0-12 | 191.00 | 433.00 | 624.00 | NOTE | |
r-oldrel-macos-arm64 | 1.0-12 | 159.00 | NOTE | |||
r-oldrel-windows-x86_64 | 1.0-12 | 182.00 | 368.00 | 550.00 | NOTE |
Version: 1.0-12
Check: package dependencies
Result: NOTE
Packages which this enhances but not available for checking:
'gurobi', 'rcbc'
Flavors: r-devel-linux-x86_64-debian-clang, r-devel-linux-x86_64-debian-gcc, r-patched-linux-x86_64, r-release-linux-x86_64
Version: 1.0-12
Check: package dependencies
Result: NOTE
Packages which this enhances but not available for checking:
'Rcplex', 'gurobi', 'rcbc'
Flavors: r-devel-linux-x86_64-fedora-clang, r-devel-linux-x86_64-fedora-gcc, r-prerel-macos-arm64, r-prerel-macos-x86_64, r-prerel-windows-x86_64, r-release-macos-arm64, r-release-macos-x86_64, r-release-windows-x86_64, r-oldrel-macos-arm64, r-oldrel-windows-x86_64
Version: 1.0-12
Check: installed package size
Result: NOTE
installed size is 5.7Mb
sub-directories of 1Mb or more:
R 2.7Mb
doc 1.2Mb
Flavors: r-devel-linux-x86_64-fedora-clang, r-prerel-macos-arm64, r-prerel-macos-x86_64, r-prerel-windows-x86_64, r-release-macos-arm64, r-release-macos-x86_64, r-release-windows-x86_64, r-oldrel-macos-arm64, r-oldrel-windows-x86_64