Last updated on 2024-04-23 18:50:50 CEST.
Flavor | Version | Tinstall | Tcheck | Ttotal | Status | Flags |
---|---|---|---|---|---|---|
r-devel-linux-x86_64-debian-clang | 0.0-4 | 3.74 | 43.80 | 47.54 | NOTE | |
r-devel-linux-x86_64-debian-gcc | 0.0-4 | 3.27 | 32.16 | 35.43 | NOTE | |
r-devel-linux-x86_64-fedora-clang | 0.0-4 | 62.61 | NOTE | |||
r-devel-linux-x86_64-fedora-gcc | 0.0-4 | 55.91 | NOTE | |||
r-prerel-macos-arm64 | 0.0-4 | 22.00 | NOTE | |||
r-prerel-windows-x86_64 | 0.0-4 | 4.00 | 53.00 | 57.00 | NOTE | |
r-patched-linux-x86_64 | 0.0-4 | 3.98 | 41.47 | 45.45 | NOTE | |
r-release-linux-x86_64 | 0.0-4 | 3.74 | 42.61 | 46.35 | NOTE | |
r-release-macos-arm64 | 0.0-4 | 22.00 | NOTE | |||
r-release-macos-x86_64 | 0.0-4 | 32.00 | NOTE | |||
r-release-windows-x86_64 | 0.0-4 | 4.00 | 57.00 | 61.00 | NOTE | |
r-oldrel-macos-arm64 | 0.0-4 | 23.00 | NOTE | |||
r-oldrel-windows-x86_64 | 0.0-4 | 6.00 | 59.00 | 65.00 | NOTE |
Version: 0.0-4
Check: LazyData
Result: NOTE
'LazyData' is specified without a 'data' directory
Flavors: r-devel-linux-x86_64-debian-clang, r-devel-linux-x86_64-debian-gcc, r-devel-linux-x86_64-fedora-clang, r-devel-linux-x86_64-fedora-gcc, r-prerel-macos-arm64, r-prerel-windows-x86_64, r-patched-linux-x86_64, r-release-linux-x86_64, r-release-macos-arm64, r-release-macos-x86_64, r-release-windows-x86_64, r-oldrel-macos-arm64, r-oldrel-windows-x86_64