Last updated on 2024-03-28 17:49:24 CET.
Flavor | Version | Tinstall | Tcheck | Ttotal | Status | Flags |
---|---|---|---|---|---|---|
r-devel-linux-x86_64-debian-clang | 0.3.0 | 4.38 | 58.30 | 62.68 | NOTE | |
r-devel-linux-x86_64-debian-gcc | 0.3.0 | 4.19 | 42.93 | 47.12 | NOTE | |
r-devel-linux-x86_64-fedora-clang | 0.3.0 | 77.19 | NOTE | |||
r-devel-linux-x86_64-fedora-gcc | 0.3.0 | 75.83 | NOTE | |||
r-devel-windows-x86_64 | 0.3.0 | 4.00 | 61.00 | 65.00 | NOTE | |
r-patched-linux-x86_64 | 0.3.0 | 5.59 | 56.78 | 62.37 | NOTE | |
r-release-linux-x86_64 | 0.3.0 | 4.20 | 56.10 | 60.30 | NOTE | |
r-release-macos-arm64 | 0.3.0 | 24.00 | NOTE | |||
r-release-macos-x86_64 | 0.3.0 | 39.00 | NOTE | |||
r-release-windows-x86_64 | 0.3.0 | 5.00 | 68.00 | 73.00 | NOTE | |
r-oldrel-macos-arm64 | 0.3.0 | 23.00 | NOTE | |||
r-oldrel-windows-x86_64 | 0.3.0 | 7.00 | 72.00 | 79.00 | NOTE |
Version: 0.3.0
Check: LazyData
Result: NOTE
'LazyData' is specified without a 'data' directory
Flavors: r-devel-linux-x86_64-debian-clang, r-devel-linux-x86_64-debian-gcc, r-devel-linux-x86_64-fedora-clang, r-devel-linux-x86_64-fedora-gcc, r-devel-windows-x86_64, r-patched-linux-x86_64, r-release-linux-x86_64, r-release-macos-arm64, r-release-macos-x86_64, r-release-windows-x86_64, r-oldrel-macos-arm64, r-oldrel-windows-x86_64