Last updated on 2024-04-19 06:56:11 CEST.
Flavor | Version | Tinstall | Tcheck | Ttotal | Status | Flags |
---|---|---|---|---|---|---|
r-devel-linux-x86_64-debian-clang | 3.4.0 | 4.76 | 81.87 | 86.63 | NOTE | |
r-devel-linux-x86_64-debian-gcc | 3.4.0 | NOTE | ||||
r-devel-linux-x86_64-fedora-clang | 3.4.0 | 109.77 | NOTE | |||
r-devel-linux-x86_64-fedora-gcc | 3.4.0 | 120.03 | NOTE | |||
r-prerel-macos-arm64 | 3.4.0 | 44.00 | NOTE | |||
r-prerel-macos-x86_64 | 3.4.0 | 98.00 | OK | |||
r-prerel-windows-x86_64 | 3.4.0 | 4.00 | 120.00 | 124.00 | NOTE | |
r-patched-linux-x86_64 | 3.4.0 | 5.72 | 82.07 | 87.79 | NOTE | |
r-release-linux-x86_64 | 3.4.0 | 4.64 | 80.83 | 85.47 | OK | |
r-release-macos-arm64 | 3.4.0 | 48.00 | OK | |||
r-release-macos-x86_64 | 3.4.0 | 61.00 | OK | |||
r-release-windows-x86_64 | 3.4.0 | 5.00 | 134.00 | 139.00 | OK | |
r-oldrel-macos-arm64 | 3.4.0 | 43.00 | OK | |||
r-oldrel-windows-x86_64 | 3.4.0 | 6.00 | 128.00 | 134.00 | OK |
Version: 3.4.0
Check: Rd files
Result: NOTE
checkRd: (-1) cd01-0-distanceMatrix.Rd:37-39: Lost braces in \itemize; meant \describe ?
checkRd: (-1) cd01-0-distanceMatrix.Rd:40-43: Lost braces in \itemize; meant \describe ?
checkRd: (-1) cd01-0-distanceMatrix.Rd:44-46: Lost braces in \itemize; meant \describe ?
checkRd: (-1) cd01-0-distanceMatrix.Rd:47-48: Lost braces in \itemize; meant \describe ?
checkRd: (-1) cd01-0-distanceMatrix.Rd:49-50: Lost braces in \itemize; meant \describe ?
checkRd: (-1) cd01-0-distanceMatrix.Rd:51-52: Lost braces in \itemize; meant \describe ?
checkRd: (-1) cd02-1-cluster3.Rd:25: Lost braces
25 | Kevin R. Coombes email{krc@silicovore.com}
| ^
checkRd: (-1) cd03-0-ClusterTest-class.Rd:70: Lost braces
70 | Kevin R. Coombes email{krc@silicovore.com}
| ^
Flavors: r-devel-linux-x86_64-debian-clang, r-devel-linux-x86_64-debian-gcc, r-devel-linux-x86_64-fedora-clang, r-devel-linux-x86_64-fedora-gcc, r-prerel-macos-arm64, r-prerel-windows-x86_64, r-patched-linux-x86_64