Last updated on 2025-05-05 18:50:01 CEST.
Flavor | Version | Tinstall | Tcheck | Ttotal | Status | Flags |
---|---|---|---|---|---|---|
r-devel-linux-x86_64-debian-clang | 1.43 | 5.73 | 53.24 | 58.97 | NOTE | |
r-devel-linux-x86_64-debian-gcc | 1.43 | 4.66 | 40.41 | 45.07 | NOTE | |
r-devel-linux-x86_64-fedora-clang | 1.43 | 89.87 | OK | |||
r-devel-linux-x86_64-fedora-gcc | 1.43 | 87.14 | OK | |||
r-devel-windows-x86_64 | 1.43 | 6.00 | 67.00 | 73.00 | OK | |
r-patched-linux-x86_64 | 1.43 | 5.43 | 51.73 | 57.16 | OK | |
r-release-linux-x86_64 | 1.43 | 5.18 | 51.94 | 57.12 | OK | |
r-release-macos-arm64 | 1.43 | 33.00 | OK | |||
r-release-macos-x86_64 | 1.43 | 81.00 | OK | |||
r-release-windows-x86_64 | 1.43 | 7.00 | 71.00 | 78.00 | OK | |
r-oldrel-macos-arm64 | 1.43 | 32.00 | OK | |||
r-oldrel-macos-x86_64 | 1.43 | 44.00 | OK | |||
r-oldrel-windows-x86_64 | 1.43 | 8.00 | 80.00 | 88.00 | OK |
Version: 1.43
Check: CRAN incoming feasibility
Result: NOTE
Maintainer: ‘Lars Ronnegard <lrn@du.se>’
No Authors@R field in DESCRIPTION.
Please add one, modifying
Authors@R: person(given = "Lars",
family = "Ronnegard",
role = c("aut", "cre"),
email = "lrn@du.se")
as necessary.
Flavors: r-devel-linux-x86_64-debian-clang, r-devel-linux-x86_64-debian-gcc