CRAN Package Check Results for Package CohortExplorer

Last updated on 2025-07-27 06:49:23 CEST.

Flavor Version Tinstall Tcheck Ttotal Status Flags
r-devel-linux-x86_64-debian-clang 0.1.0 6.52 66.77 73.29 NOTE
r-devel-linux-x86_64-debian-gcc 0.1.0 5.24 49.07 54.31 NOTE
r-devel-linux-x86_64-fedora-clang 0.1.0 116.68 NOTE
r-devel-linux-x86_64-fedora-gcc 0.1.0 120.43 NOTE
r-devel-windows-x86_64 0.1.0 9.00 78.00 87.00 NOTE
r-patched-linux-x86_64 0.1.0 6.10 62.97 69.07 NOTE
r-release-linux-x86_64 0.1.0 7.08 63.48 70.56 NOTE
r-release-macos-arm64 0.1.0 50.00 NOTE
r-release-macos-x86_64 0.1.0 91.00 NOTE
r-release-windows-x86_64 0.1.0 10.00 77.00 87.00 NOTE
r-oldrel-macos-arm64 0.1.0 47.00 OK
r-oldrel-macos-x86_64 0.1.0 78.00 OK
r-oldrel-windows-x86_64 0.1.0 10.00 103.00 113.00 OK

Check Details

Version: 0.1.0
Check: DESCRIPTION meta-information
Result: NOTE Missing dependency on R >= 4.1.0 because package code uses the pipe |> or function shorthand \(...) syntax added in R 4.1.0. File(s) using such syntax: ‘CreateCohortExplorerApp.R’ Flavors: r-devel-linux-x86_64-debian-clang, r-devel-linux-x86_64-debian-gcc, r-devel-linux-x86_64-fedora-clang, r-devel-linux-x86_64-fedora-gcc, r-devel-windows-x86_64, r-patched-linux-x86_64, r-release-linux-x86_64, r-release-macos-arm64, r-release-macos-x86_64, r-release-windows-x86_64