Last updated on 2025-11-23 05:50:12 CET.
| Flavor | Version | Tinstall | Tcheck | Ttotal | Status | Flags |
|---|---|---|---|---|---|---|
| r-devel-linux-x86_64-debian-clang | 1.0.5 | 6.15 | 56.67 | 62.82 | NOTE | |
| r-devel-linux-x86_64-debian-gcc | 1.0.5 | 3.72 | 41.19 | 44.91 | NOTE | |
| r-devel-linux-x86_64-fedora-clang | 1.0.5 | 11.00 | 85.50 | 96.50 | OK | |
| r-devel-windows-x86_64 | 1.0.5 | 18.00 | 68.00 | 86.00 | OK | |
| r-patched-linux-x86_64 | 1.0.5 | 5.83 | 52.20 | 58.03 | OK | |
| r-release-linux-x86_64 | 1.0.5 | 5.89 | 51.65 | 57.54 | OK | |
| r-release-macos-arm64 | 1.0.5 | OK | ||||
| r-release-macos-x86_64 | 1.0.5 | 5.00 | 60.00 | 65.00 | OK | |
| r-release-windows-x86_64 | 1.0.5 | 7.00 | 68.00 | 75.00 | OK | |
| r-oldrel-macos-arm64 | 1.0.5 | OK | ||||
| r-oldrel-macos-x86_64 | 1.0.5 | 4.00 | 46.00 | 50.00 | OK | |
| r-oldrel-windows-x86_64 | 1.0.5 | 9.00 | 84.00 | 93.00 | OK |
Version: 1.0.5
Check: CRAN incoming feasibility
Result: NOTE
Maintainer: ‘Elias Laurin Meyer <elias.meyer@meduniwien.ac.at>’
The Description field contains
in Meyer et al. <arXiv:2202.02182>.
Please refer to arXiv e-prints via their arXiv DOI <doi:10.48550/arXiv.YYMM.NNNNN>.
Flavors: r-devel-linux-x86_64-debian-clang, r-devel-linux-x86_64-debian-gcc