Last updated on 2025-11-05 05:51:19 CET.
| Flavor | Version | Tinstall | Tcheck | Ttotal | Status | Flags |
|---|---|---|---|---|---|---|
| r-devel-linux-x86_64-debian-clang | 0.3.0 | 4.50 | 42.59 | 47.09 | NOTE | |
| r-devel-linux-x86_64-debian-gcc | 0.3.0 | 3.56 | 34.51 | 38.07 | NOTE | |
| r-devel-linux-x86_64-fedora-clang | 0.3.0 | 37.00 | 33.85 | 70.85 | OK | |
| r-devel-linux-x86_64-fedora-gcc | 0.3.0 | 10.00 | 68.34 | 78.34 | OK | |
| r-devel-windows-x86_64 | 0.3.0 | 13.00 | 97.00 | 110.00 | OK | |
| r-patched-linux-x86_64 | 0.3.0 | 4.33 | 41.81 | 46.14 | OK | |
| r-release-linux-x86_64 | 0.3.0 | 4.14 | 41.94 | 46.08 | OK | |
| r-release-macos-arm64 | 0.3.0 | 3.00 | 34.00 | 37.00 | OK | |
| r-release-macos-x86_64 | 0.3.0 | 6.00 | 66.00 | 72.00 | OK | |
| r-release-windows-x86_64 | 0.3.0 | 12.00 | 96.00 | 108.00 | OK | |
| r-oldrel-macos-arm64 | 0.3.0 | 3.00 | 39.00 | 42.00 | OK | |
| r-oldrel-macos-x86_64 | 0.3.0 | 4.00 | 51.00 | 55.00 | OK | |
| r-oldrel-windows-x86_64 | 0.3.0 | 13.00 | 97.00 | 110.00 | OK |
Version: 0.3.0
Check: CRAN incoming feasibility
Result: NOTE
Maintainer: ‘Tony Pourmohamad <tpourmohamad@gmail.com>’
Package CITATION file contains call(s) to old-style personList() or
as.personList(). Please use c() on person objects instead.
Package CITATION file contains call(s) to old-style citEntry(). Please
use bibentry() instead.
Flavors: r-devel-linux-x86_64-debian-clang, r-devel-linux-x86_64-debian-gcc