Last updated on 2025-11-23 05:50:13 CET.
| Flavor | Version | Tinstall | Tcheck | Ttotal | Status | Flags |
|---|---|---|---|---|---|---|
| r-devel-linux-x86_64-debian-clang | 0.1.2 | 15.88 | 145.81 | 161.69 | OK | |
| r-devel-linux-x86_64-debian-gcc | 0.1.2 | 10.35 | 104.49 | 114.84 | OK | |
| r-devel-linux-x86_64-fedora-clang | 0.1.2 | 38.00 | 202.03 | 240.03 | NOTE | |
| r-devel-windows-x86_64 | 0.1.2 | 19.00 | 142.00 | 161.00 | OK | |
| r-patched-linux-x86_64 | 0.1.2 | 14.95 | 140.18 | 155.13 | OK | |
| r-release-linux-x86_64 | 0.1.2 | 14.22 | 137.63 | 151.85 | OK | |
| r-release-macos-arm64 | 0.1.2 | OK | ||||
| r-release-macos-x86_64 | 0.1.2 | 12.00 | 123.00 | 135.00 | OK | |
| r-release-windows-x86_64 | 0.1.2 | 15.00 | 156.00 | 171.00 | OK | |
| r-oldrel-macos-arm64 | 0.1.2 | OK | ||||
| r-oldrel-macos-x86_64 | 0.1.2 | 9.00 | 90.00 | 99.00 | OK | |
| r-oldrel-windows-x86_64 | 0.1.2 | 21.00 | 186.00 | 207.00 | OK |
Version: 0.1.2
Check: dependencies in R code
Result: NOTE
Namespaces in Imports field not imported from:
‘kernlab’ ‘purrr’ ‘survminer’ ‘tidyverse’
All declared Imports should be used.
Flavor: r-devel-linux-x86_64-fedora-clang