Last updated on 2025-11-23 17:50:08 CET.
| Flavor | Version | Tinstall | Tcheck | Ttotal | Status | Flags |
|---|---|---|---|---|---|---|
| r-devel-linux-x86_64-debian-clang | 1.1 | 4.09 | 46.42 | 50.51 | NOTE | |
| r-devel-linux-x86_64-debian-gcc | 1.1 | 2.42 | 32.40 | 34.82 | NOTE | |
| r-devel-linux-x86_64-fedora-clang | 1.1 | 73.06 | OK | |||
| r-devel-windows-x86_64 | 1.1 | 7.00 | 60.00 | 67.00 | OK | |
| r-patched-linux-x86_64 | 1.1 | 4.22 | 43.18 | 47.40 | OK | |
| r-release-linux-x86_64 | 1.1 | 4.28 | 42.92 | 47.20 | OK | |
| r-release-macos-arm64 | 1.1 | OK | ||||
| r-release-macos-x86_64 | 1.1 | 3.00 | 41.00 | 44.00 | OK | |
| r-release-windows-x86_64 | 1.1 | 5.00 | 72.00 | 77.00 | OK | |
| r-oldrel-macos-arm64 | 1.1 | OK | ||||
| r-oldrel-macos-x86_64 | 1.1 | 3.00 | 33.00 | 36.00 | OK | |
| r-oldrel-windows-x86_64 | 1.1 | 7.00 | 76.00 | 83.00 | OK |
Version: 1.1
Check: CRAN incoming feasibility
Result: NOTE
Maintainer: ‘Wim Van der Elst <Wim.vanderelst@gmail.com>’
No Authors@R field in DESCRIPTION.
Please add one, modifying
Authors@R: c(person(given = "Wim",
family = "Van der Elst",
role = c("aut", "cre"),
email = "wim.vanderelst@gmail.com"),
person(given = "Geert",
family = "Molenberghs",
role = "aut"),
person(given = "Dieter",
family = "Hilgers",
role = "aut"),
person(given = c("&", "Nicole"),
family = "Heussen",
role = "aut"))
as necessary.
Flavors: r-devel-linux-x86_64-debian-clang, r-devel-linux-x86_64-debian-gcc