Last updated on 2025-11-23 05:50:14 CET.
| Flavor | Version | Tinstall | Tcheck | Ttotal | Status | Flags |
|---|---|---|---|---|---|---|
| r-devel-linux-x86_64-debian-clang | 0.5.3 | 326.32 | 132.26 | 458.58 | OK | |
| r-devel-linux-x86_64-debian-gcc | 0.5.3 | 258.98 | 110.73 | 369.71 | OK | |
| r-devel-linux-x86_64-fedora-clang | 0.5.3 | 1080.00 | -402.90 | 677.10 | OK | |
| r-devel-windows-x86_64 | 0.5.3 | 427.00 | 157.00 | 584.00 | OK | |
| r-patched-linux-x86_64 | 0.5.3 | 364.18 | 149.64 | 513.82 | OK | |
| r-release-linux-x86_64 | 0.5.3 | 345.99 | 150.20 | 496.19 | OK | |
| r-release-macos-arm64 | 0.5.3 | OK | ||||
| r-release-macos-x86_64 | 0.5.3 | 181.00 | 85.00 | 266.00 | OK | |
| r-release-windows-x86_64 | 0.5.3 | 308.00 | 177.00 | 485.00 | OK | |
| r-oldrel-macos-arm64 | 0.5.3 | NOTE | ||||
| r-oldrel-macos-x86_64 | 0.5.3 | 154.00 | 66.00 | 220.00 | NOTE | |
| r-oldrel-windows-x86_64 | 0.5.3 | 353.00 | 209.00 | 562.00 | NOTE |
Version: 0.5.3
Check: installed package size
Result: NOTE
installed size is 84.0Mb
sub-directories of 1Mb or more:
libs 83.6Mb
Flavors: r-oldrel-macos-arm64, r-oldrel-macos-x86_64
Version: 0.5.3
Check: for GNU extensions in Makefiles
Result: NOTE
GNU make is a SystemRequirements.
Flavors: r-oldrel-macos-arm64, r-oldrel-macos-x86_64, r-oldrel-windows-x86_64