Last updated on 2024-04-18 18:57:31 CEST.
Flavor | Version | Tinstall | Tcheck | Ttotal | Status | Flags |
---|---|---|---|---|---|---|
r-devel-linux-x86_64-debian-clang | 1.0-0 | 4.00 | 38.01 | 42.01 | NOTE | |
r-devel-linux-x86_64-debian-gcc | 1.0-0 | 3.00 | 28.47 | 31.47 | NOTE | |
r-devel-linux-x86_64-fedora-clang | 1.0-0 | 52.86 | NOTE | |||
r-devel-linux-x86_64-fedora-gcc | 1.0-0 | 50.30 | NOTE | |||
r-prerel-macos-arm64 | 1.0-0 | 19.00 | NOTE | |||
r-prerel-windows-x86_64 | 1.0-0 | 4.00 | 51.00 | 55.00 | NOTE | |
r-patched-linux-x86_64 | 1.0-0 | 3.68 | 36.94 | 40.62 | NOTE | |
r-release-linux-x86_64 | 1.0-0 | 3.49 | 36.94 | 40.43 | OK | |
r-release-macos-arm64 | 1.0-0 | 19.00 | OK | |||
r-release-macos-x86_64 | 1.0-0 | 27.00 | OK | |||
r-release-windows-x86_64 | 1.0-0 | 4.00 | 55.00 | 59.00 | OK | |
r-oldrel-macos-arm64 | 1.0-0 | 19.00 | OK | |||
r-oldrel-windows-x86_64 | 1.0-0 | 18.00 | 57.00 | 75.00 | OK |
Version: 1.0-0
Check: Rd files
Result: NOTE
checkRd: (-1) detectAgeInterval.Rd:10: Lost braces
10 | \item{Dat}{a \code{data.frame} containing a column called \code{Age}, or code{age}.}
| ^
checkRd: (-1) detectSex.Rd:10: Lost braces
10 | \item{Dat}{a \code{data.frame} containing a column called \code{Sex}, or code{sex}.}
| ^
checkRd: (-1) ggbgetAgesFit.Rd:28: Lost braces
28 | code{\link{ggbChooseAges}}
| ^
Flavors: r-devel-linux-x86_64-debian-clang, r-devel-linux-x86_64-debian-gcc, r-devel-linux-x86_64-fedora-clang, r-devel-linux-x86_64-fedora-gcc, r-prerel-macos-arm64, r-prerel-windows-x86_64, r-patched-linux-x86_64