Last updated on 2025-07-27 06:49:25 CEST.
Flavor | Version | Tinstall | Tcheck | Ttotal | Status | Flags |
---|---|---|---|---|---|---|
r-devel-linux-x86_64-debian-clang | 1.1 | 15.28 | 115.85 | 131.13 | NOTE | |
r-devel-linux-x86_64-debian-gcc | 1.1 | 9.75 | 81.46 | 91.21 | NOTE | |
r-devel-linux-x86_64-fedora-clang | 1.1 | 212.89 | OK | |||
r-devel-linux-x86_64-fedora-gcc | 1.1 | 203.71 | OK | |||
r-devel-windows-x86_64 | 1.1 | 18.00 | 125.00 | 143.00 | OK | |
r-patched-linux-x86_64 | 1.1 | 14.28 | 107.14 | 121.42 | OK | |
r-release-linux-x86_64 | 1.1 | 13.60 | 107.20 | 120.80 | OK | |
r-release-macos-arm64 | 1.1 | 52.00 | OK | |||
r-release-macos-x86_64 | 1.1 | 113.00 | OK | |||
r-release-windows-x86_64 | 1.1 | 15.00 | 130.00 | 145.00 | OK | |
r-oldrel-macos-arm64 | 1.1 | 52.00 | OK | |||
r-oldrel-macos-x86_64 | 1.1 | 109.00 | OK | |||
r-oldrel-windows-x86_64 | 1.1 | 21.00 | 167.00 | 188.00 | OK |
Version: 1.1
Check: CRAN incoming feasibility
Result: NOTE
Maintainer: ‘Victor H. Cervantes <vhcervantesb@unal.edu.co>’
No Authors@R field in DESCRIPTION.
Please add one, modifying
Authors@R: person(given = c("Victor", "H."),
family = "Cervantes",
role = c("aut", "cre"),
email = "vhcervantesb@unal.edu.co")
as necessary.
Flavors: r-devel-linux-x86_64-debian-clang, r-devel-linux-x86_64-debian-gcc