Last updated on 2025-05-05 18:50:03 CEST.
Flavor | Version | Tinstall | Tcheck | Ttotal | Status | Flags |
---|---|---|---|---|---|---|
r-devel-linux-x86_64-debian-clang | 0.3 | 5.80 | 60.61 | 66.41 | NOTE | |
r-devel-linux-x86_64-debian-gcc | 0.3 | 4.79 | 47.11 | 51.90 | NOTE | |
r-devel-linux-x86_64-fedora-clang | 0.3 | 109.94 | OK | |||
r-devel-linux-x86_64-fedora-gcc | 0.3 | 100.91 | OK | |||
r-devel-windows-x86_64 | 0.3 | 9.00 | 71.00 | 80.00 | OK | |
r-patched-linux-x86_64 | 0.3 | 6.84 | 59.18 | 66.02 | OK | |
r-release-linux-x86_64 | 0.3 | 5.93 | 58.42 | 64.35 | OK | |
r-release-macos-arm64 | 0.3 | 35.00 | OK | |||
r-release-macos-x86_64 | 0.3 | 70.00 | OK | |||
r-release-windows-x86_64 | 0.3 | 9.00 | 72.00 | 81.00 | OK | |
r-oldrel-macos-arm64 | 0.3 | 33.00 | OK | |||
r-oldrel-macos-x86_64 | 0.3 | 47.00 | OK | |||
r-oldrel-windows-x86_64 | 0.3 | 10.00 | 90.00 | 100.00 | OK |
Version: 0.3
Check: CRAN incoming feasibility
Result: NOTE
Maintainer: ‘Gunther Schauberger <gunther.schauberger@tum.de>’
No Authors@R field in DESCRIPTION.
Please add one, modifying
Authors@R: person(given = "Gunther",
family = "Schauberger",
role = c("aut", "cre"),
email = "gunther.schauberger@tum.de")
as necessary.
Flavors: r-devel-linux-x86_64-debian-clang, r-devel-linux-x86_64-debian-gcc