Last updated on 2025-10-31 05:48:40 CET.
| Flavor | Version | Tinstall | Tcheck | Ttotal | Status | Flags | 
|---|---|---|---|---|---|---|
| r-devel-linux-x86_64-debian-clang | 1.1.0 | 3.72 | 26.78 | 30.50 | NOTE | |
| r-devel-linux-x86_64-debian-gcc | 1.1.0 | 3.00 | 21.09 | 24.09 | NOTE | |
| r-devel-linux-x86_64-fedora-clang | 1.1.0 | 15.00 | 32.26 | 47.26 | OK | |
| r-devel-linux-x86_64-fedora-gcc | 1.1.0 | 43.77 | OK | |||
| r-devel-windows-x86_64 | 1.1.0 | 9.00 | 46.00 | 55.00 | OK | |
| r-patched-linux-x86_64 | 1.1.0 | 4.68 | 25.47 | 30.15 | OK | |
| r-release-linux-x86_64 | 1.1.0 | 3.86 | 25.77 | 29.63 | OK | |
| r-release-macos-arm64 | 1.1.0 | 3.00 | 15.00 | 18.00 | OK | |
| r-release-macos-x86_64 | 1.1.0 | 5.00 | 25.00 | 30.00 | OK | |
| r-release-windows-x86_64 | 1.1.0 | 7.00 | 47.00 | 54.00 | OK | |
| r-oldrel-macos-arm64 | 1.1.0 | 3.00 | 16.00 | 19.00 | OK | |
| r-oldrel-macos-x86_64 | 1.1.0 | 4.00 | 23.00 | 27.00 | OK | |
| r-oldrel-windows-x86_64 | 1.1.0 | 7.00 | 46.00 | 53.00 | OK | 
Version: 1.1.0
Check: CRAN incoming feasibility
Result: NOTE
  Maintainer: ‘Audrey Q. Fu <audreyqyfu@gmail.com>’
  
  No Authors@R field in DESCRIPTION.
  Please add one, modifying
    Authors@R: c(person(given = c("Audrey", "Qiuyan"),
                        family = "Fu",
                        role = "aut"),
                 person(given = "Steven",
                        family = "Russell",
                        role = "aut"),
                 person(given = c("Sarah", "J."),
                        family = "Bray",
                        role = "aut"),
                 person(given = "Simon",
                        family = "Tavare",
                        role = "aut"),
                 person(given = c("Audrey", "Q."),
                        family = "Fu",
                        role = "cre",
                        email = "audreyqyfu@gmail.com"))
  as necessary.
Flavors: r-devel-linux-x86_64-debian-clang, r-devel-linux-x86_64-debian-gcc