CRAN Package Check Results for Package DNAtools

Last updated on 2025-07-27 06:49:25 CEST.

Flavor Version Tinstall Tcheck Ttotal Status Flags
r-devel-linux-x86_64-debian-clang 0.2-4 44.43 73.53 117.96 NOTE
r-devel-linux-x86_64-debian-gcc 0.2-4 30.45 55.40 85.85 NOTE
r-devel-linux-x86_64-fedora-clang 0.2-4 201.19 NOTE
r-devel-linux-x86_64-fedora-gcc 0.2-4 209.35 NOTE
r-devel-windows-x86_64 0.2-4 52.00 110.00 162.00 NOTE
r-patched-linux-x86_64 0.2-4 43.88 68.81 112.69 NOTE
r-release-linux-x86_64 0.2-4 42.04 68.16 110.20 NOTE
r-release-macos-arm64 0.2-4 64.00 NOTE
r-release-macos-x86_64 0.2-4 112.00 NOTE
r-release-windows-x86_64 0.2-4 51.00 109.00 160.00 NOTE
r-oldrel-macos-arm64 0.2-4 38.00 NOTE
r-oldrel-macos-x86_64 0.2-4 58.00 NOTE
r-oldrel-windows-x86_64 0.2-4 61.00 137.00 198.00 NOTE

Check Details

Version: 0.2-4
Check: CRAN incoming feasibility
Result: NOTE Maintainer: ‘Mikkel Meyer Andersen <mikl@math.aau.dk>’ Package CITATION file contains call(s) to old-style personList() or as.personList(). Please use c() on person objects instead. Package CITATION file contains call(s) to old-style citEntry(). Please use bibentry() instead. Flavors: r-devel-linux-x86_64-debian-clang, r-devel-linux-x86_64-debian-gcc

Version: 0.2-4
Check: C++ specification
Result: NOTE Specified C++11: please drop specification unless essential Flavors: r-devel-linux-x86_64-debian-clang, r-devel-linux-x86_64-debian-gcc, r-devel-linux-x86_64-fedora-clang, r-devel-linux-x86_64-fedora-gcc, r-devel-windows-x86_64, r-patched-linux-x86_64, r-release-linux-x86_64, r-release-macos-arm64, r-release-macos-x86_64, r-release-windows-x86_64, r-oldrel-macos-arm64, r-oldrel-macos-x86_64, r-oldrel-windows-x86_64

Version: 0.2-4
Check: for GNU extensions in Makefiles
Result: NOTE GNU make is a SystemRequirements. Flavors: r-oldrel-macos-arm64, r-oldrel-macos-x86_64, r-oldrel-windows-x86_64