Last updated on 2024-05-07 18:49:43 CEST.
Flavor | Version | Tinstall | Tcheck | Ttotal | Status | Flags |
---|---|---|---|---|---|---|
r-devel-linux-x86_64-debian-clang | 0.2-4 | 77.61 | 87.84 | 165.45 | NOTE | |
r-devel-linux-x86_64-debian-gcc | 0.2-4 | 60.08 | 64.16 | 124.24 | NOTE | |
r-devel-linux-x86_64-fedora-clang | 0.2-4 | 234.42 | NOTE | |||
r-devel-linux-x86_64-fedora-gcc | 0.2-4 | 237.28 | NOTE | |||
r-devel-windows-x86_64 | 0.2-4 | 63.00 | 104.00 | 167.00 | NOTE | |
r-patched-linux-x86_64 | 0.2-4 | 76.60 | 84.36 | 160.96 | NOTE | |
r-release-linux-x86_64 | 0.2-4 | 68.42 | 82.68 | 151.10 | NOTE | |
r-release-macos-arm64 | 0.2-4 | 61.00 | NOTE | |||
r-release-windows-x86_64 | 0.2-4 | 62.00 | 104.00 | 166.00 | NOTE | |
r-oldrel-macos-arm64 | 0.2-4 | 65.00 | NOTE | |||
r-oldrel-macos-x86_64 | 0.2-4 | 91.00 | NOTE | |||
r-oldrel-windows-x86_64 | 0.2-4 | 58.00 | 125.00 | 183.00 | NOTE |
Version: 0.2-4
Check: C++ specification
Result: NOTE
Specified C++11: please drop specification unless essential
Flavors: r-devel-linux-x86_64-debian-clang, r-devel-linux-x86_64-debian-gcc, r-devel-linux-x86_64-fedora-clang, r-devel-linux-x86_64-fedora-gcc, r-devel-windows-x86_64, r-patched-linux-x86_64, r-release-linux-x86_64, r-release-macos-arm64, r-release-windows-x86_64, r-oldrel-macos-arm64, r-oldrel-macos-x86_64, r-oldrel-windows-x86_64
Version: 0.2-4
Check: for GNU extensions in Makefiles
Result: NOTE
GNU make is a SystemRequirements.
Flavors: r-devel-linux-x86_64-debian-clang, r-devel-linux-x86_64-debian-gcc, r-devel-linux-x86_64-fedora-clang, r-devel-linux-x86_64-fedora-gcc, r-devel-windows-x86_64, r-patched-linux-x86_64, r-release-linux-x86_64, r-release-macos-arm64, r-release-windows-x86_64, r-oldrel-macos-arm64, r-oldrel-windows-x86_64