CRAN Package Check Results for Package DOT

Last updated on 2025-11-23 05:50:14 CET.

Flavor Version Tinstall Tcheck Ttotal Status Flags
r-devel-linux-x86_64-debian-clang 0.1 2.33 28.06 30.39 NOTE
r-devel-linux-x86_64-debian-gcc 0.1 1.94 23.10 25.04 NOTE
r-devel-linux-x86_64-fedora-clang 0.1 45.39 NOTE
r-devel-windows-x86_64 0.1 6.00 48.00 54.00 OK
r-patched-linux-x86_64 0.1 2.28 26.79 29.07 NOTE
r-release-linux-x86_64 0.1 2.08 26.97 29.05 NOTE
r-release-macos-arm64 0.1 OK
r-release-macos-x86_64 0.1 2.00 31.00 33.00 OK
r-release-windows-x86_64 0.1 4.00 62.00 66.00 OK
r-oldrel-macos-arm64 0.1 OK
r-oldrel-macos-x86_64 0.1 2.00 28.00 30.00 OK
r-oldrel-windows-x86_64 0.1 4.00 55.00 59.00 OK

Check Details

Version: 0.1
Check: CRAN incoming feasibility
Result: NOTE Maintainer: ‘E. F. Haghish <haghish@imbi.uni-freiburg.de>’ No Authors@R field in DESCRIPTION. Please add one, modifying Authors@R: person(given = c("E.", "F."), family = "Haghish", role = c("aut", "cre"), email = "haghish@imbi.uni-freiburg.de") as necessary. The BugReports field in DESCRIPTION has http://github.com/haghish/DOT which should likely be http://github.com/haghish/DOT/issues instead. Flavors: r-devel-linux-x86_64-debian-clang, r-devel-linux-x86_64-debian-gcc

Version: 0.1
Check: for non-standard things in the check directory
Result: NOTE Found the following files/directories: ‘myfile.ps’ ‘myfile.svg’ Flavors: r-devel-linux-x86_64-debian-clang, r-devel-linux-x86_64-debian-gcc, r-devel-linux-x86_64-fedora-clang, r-patched-linux-x86_64, r-release-linux-x86_64