Last updated on 2025-07-27 18:51:19 CEST.
Flavor | Version | Tinstall | Tcheck | Ttotal | Status | Flags |
---|---|---|---|---|---|---|
r-devel-linux-x86_64-debian-clang | 3.0.2 | 32.55 | 84.46 | 117.01 | OK | |
r-devel-linux-x86_64-debian-gcc | 3.0.2 | 24.80 | 63.74 | 88.54 | OK | |
r-devel-linux-x86_64-fedora-clang | 3.0.2 | 187.56 | OK | |||
r-devel-linux-x86_64-fedora-gcc | 3.0.2 | 195.50 | OK | |||
r-devel-windows-x86_64 | 3.0.2 | 37.00 | 110.00 | 147.00 | OK | |
r-patched-linux-x86_64 | 3.0.2 | 32.37 | 83.88 | 116.25 | OK | |
r-release-linux-x86_64 | 3.0.2 | 31.15 | 83.69 | 114.84 | OK | |
r-release-macos-arm64 | 3.0.2 | 50.00 | OK | |||
r-release-macos-x86_64 | 3.0.2 | 82.00 | OK | |||
r-release-windows-x86_64 | 3.0.2 | 35.00 | 108.00 | 143.00 | OK | |
r-oldrel-macos-arm64 | 3.0.2 | 55.00 | NOTE | |||
r-oldrel-macos-x86_64 | 3.0.2 | 86.00 | NOTE | |||
r-oldrel-windows-x86_64 | 3.0.2 | 43.00 | 138.00 | 181.00 | OK |
Version: 3.0.2
Check: installed package size
Result: NOTE
installed size is 7.5Mb
sub-directories of 1Mb or more:
libs 7.2Mb
Flavors: r-oldrel-macos-arm64, r-oldrel-macos-x86_64