Last updated on 2025-11-24 05:50:21 CET.
| Flavor | Version | Tinstall | Tcheck | Ttotal | Status | Flags |
|---|---|---|---|---|---|---|
| r-devel-linux-x86_64-debian-clang | 1.0.2 | 11.97 | 33.98 | 45.95 | NOTE | |
| r-devel-linux-x86_64-debian-gcc | 1.0.2 | 8.66 | 25.59 | 34.25 | NOTE | |
| r-devel-linux-x86_64-fedora-clang | 1.0.2 | 22.00 | 51.36 | 73.36 | NOTE | |
| r-devel-windows-x86_64 | 1.0.2 | 21.00 | 61.00 | 82.00 | NOTE | |
| r-patched-linux-x86_64 | 1.0.2 | 11.87 | 32.81 | 44.68 | NOTE | |
| r-release-linux-x86_64 | 1.0.2 | 12.63 | 31.94 | 44.57 | NOTE | |
| r-release-macos-arm64 | 1.0.2 | NOTE | ||||
| r-release-macos-x86_64 | 1.0.2 | 8.00 | 30.00 | 38.00 | NOTE | |
| r-release-windows-x86_64 | 1.0.2 | 17.00 | 81.00 | 98.00 | NOTE | |
| r-oldrel-macos-arm64 | 1.0.2 | NOTE | ||||
| r-oldrel-macos-x86_64 | 1.0.2 | 8.00 | 31.00 | 39.00 | NOTE | |
| r-oldrel-windows-x86_64 | 1.0.2 | 19.00 | 79.00 | 98.00 | NOTE |
Version: 1.0.2
Check: Rd files
Result: NOTE
checkRd: (-1) DTDAcif.Rd:32: Lost braces in \itemize; \value handles \item{}{} directly
checkRd: (-1) DTDAcif.Rd:33: Lost braces in \itemize; \value handles \item{}{} directly
checkRd: (-1) DTDAcif.Rd:34: Lost braces in \itemize; \value handles \item{}{} directly
checkRd: (-1) DTDAcif.Rd:35: Lost braces in \itemize; \value handles \item{}{} directly
checkRd: (-1) DTDAcif.Rd:36: Lost braces in \itemize; \value handles \item{}{} directly
Flavors: r-devel-linux-x86_64-debian-clang, r-devel-linux-x86_64-debian-gcc, r-devel-linux-x86_64-fedora-clang, r-devel-windows-x86_64, r-patched-linux-x86_64, r-release-linux-x86_64, r-release-macos-arm64, r-release-macos-x86_64, r-release-windows-x86_64, r-oldrel-macos-arm64, r-oldrel-macos-x86_64, r-oldrel-windows-x86_64
Version: 1.0.2
Check: LazyData
Result: NOTE
'LazyData' is specified without a 'data' directory
Flavors: r-oldrel-macos-arm64, r-oldrel-macos-x86_64, r-oldrel-windows-x86_64