Last updated on 2024-04-19 19:50:12 CEST.
Flavor | Version | Tinstall | Tcheck | Ttotal | Status | Flags |
---|---|---|---|---|---|---|
r-devel-linux-x86_64-debian-clang | 1.1 | 11.98 | 100.26 | 112.24 | NOTE | |
r-devel-linux-x86_64-debian-gcc | 1.1 | NOTE | ||||
r-devel-linux-x86_64-fedora-clang | 1.1 | 138.97 | NOTE | |||
r-devel-linux-x86_64-fedora-gcc | 1.1 | 128.94 | NOTE | |||
r-prerel-macos-arm64 | 1.1 | 41.00 | NOTE | |||
r-prerel-windows-x86_64 | 1.1 | 9.00 | 86.00 | 95.00 | NOTE | |
r-patched-linux-x86_64 | 1.1 | 10.74 | 96.28 | 107.02 | NOTE | |
r-release-linux-x86_64 | 1.1 | 11.49 | 99.26 | 110.75 | NOTE | |
r-release-macos-arm64 | 1.1 | 45.00 | NOTE | |||
r-release-macos-x86_64 | 1.1 | 79.00 | NOTE | |||
r-release-windows-x86_64 | 1.1 | 13.00 | 104.00 | 117.00 | NOTE | |
r-oldrel-macos-arm64 | 1.1 | 44.00 | NOTE | |||
r-oldrel-windows-x86_64 | 1.1 | 15.00 | 108.00 | 123.00 | NOTE |
Version: 1.1
Check: LazyData
Result: NOTE
'LazyData' is specified without a 'data' directory
Flavors: r-devel-linux-x86_64-debian-clang, r-devel-linux-x86_64-debian-gcc, r-devel-linux-x86_64-fedora-clang, r-devel-linux-x86_64-fedora-gcc, r-prerel-macos-arm64, r-prerel-windows-x86_64, r-patched-linux-x86_64, r-release-linux-x86_64, r-release-macos-arm64, r-release-macos-x86_64, r-release-windows-x86_64, r-oldrel-macos-arm64, r-oldrel-windows-x86_64