Last updated on 2025-11-04 05:51:08 CET.
| Flavor | Version | Tinstall | Tcheck | Ttotal | Status | Flags | 
|---|---|---|---|---|---|---|
| r-devel-linux-x86_64-debian-clang | 1.1.0 | 2.35 | 29.98 | 32.33 | NOTE | |
| r-devel-linux-x86_64-debian-gcc | 1.1.0 | 2.07 | 23.07 | 25.14 | NOTE | |
| r-devel-linux-x86_64-fedora-clang | 1.1.0 | 49.51 | OK | |||
| r-devel-linux-x86_64-fedora-gcc | 1.1.0 | 45.82 | OK | |||
| r-devel-windows-x86_64 | 1.1.0 | 4.00 | 44.00 | 48.00 | OK | |
| r-patched-linux-x86_64 | 1.1.0 | 2.51 | 28.22 | 30.73 | OK | |
| r-release-linux-x86_64 | 1.1.0 | 2.63 | 28.26 | 30.89 | OK | |
| r-release-macos-arm64 | 1.1.0 | 2.00 | 18.00 | 20.00 | OK | |
| r-release-macos-x86_64 | 1.1.0 | 3.00 | 48.00 | 51.00 | OK | |
| r-release-windows-x86_64 | 1.1.0 | 4.00 | 45.00 | 49.00 | OK | |
| r-oldrel-macos-arm64 | 1.1.0 | 2.00 | 18.00 | 20.00 | NOTE | |
| r-oldrel-macos-x86_64 | 1.1.0 | 3.00 | 41.00 | 44.00 | NOTE | |
| r-oldrel-windows-x86_64 | 1.1.0 | 5.00 | 45.00 | 50.00 | NOTE | 
Version: 1.1.0
Check: CRAN incoming feasibility
Result: NOTE
  Maintainer: ‘Martijn Schuemie <schuemie@ohdsi.org>’
  
  Found the following (possibly) invalid file URI:
    URI: ../../issues
      From: README.md
Flavors: r-devel-linux-x86_64-debian-clang, r-devel-linux-x86_64-debian-gcc
Version: 1.1.0
Check: installed package size
Result: NOTE
    installed size is  7.6Mb
    sub-directories of 1Mb or more:
      java   7.5Mb
Flavors: r-oldrel-macos-arm64, r-oldrel-macos-x86_64, r-oldrel-windows-x86_64