Last updated on 2024-04-17 18:56:37 CEST.
Flavor | Version | Tinstall | Tcheck | Ttotal | Status | Flags |
---|---|---|---|---|---|---|
r-devel-linux-x86_64-debian-clang | 1.3.2 | 2.06 | 36.47 | 38.53 | OK | |
r-devel-linux-x86_64-debian-gcc | 1.3.2 | 1.92 | 28.31 | 30.23 | OK | |
r-devel-linux-x86_64-fedora-clang | 1.3.2 | 51.40 | NOTE | |||
r-devel-linux-x86_64-fedora-gcc | 1.3.2 | 61.99 | NOTE | |||
r-prerel-macos-arm64 | 1.3.2 | 28.00 | OK | |||
r-prerel-windows-x86_64 | 1.3.2 | 5.00 | 52.00 | 57.00 | OK | |
r-patched-linux-x86_64 | 1.3.2 | 2.41 | 35.85 | 38.26 | OK | |
r-release-linux-x86_64 | 1.3.2 | 2.68 | 34.15 | 36.83 | OK | |
r-release-macos-arm64 | 1.3.2 | 29.00 | OK | |||
r-release-macos-x86_64 | 1.3.2 | 41.00 | OK | |||
r-release-windows-x86_64 | 1.3.2 | 5.00 | 53.00 | 58.00 | OK | |
r-oldrel-macos-arm64 | 1.3.2 | 20.00 | NOTE | |||
r-oldrel-windows-x86_64 | 1.3.2 | 5.00 | 54.00 | 59.00 | OK |
Version: 1.3.2
Check: data for non-ASCII characters
Result: NOTE
Note: found 5764 marked UTF-8 strings
Flavors: r-devel-linux-x86_64-fedora-clang, r-devel-linux-x86_64-fedora-gcc, r-oldrel-macos-arm64