CRAN Package Check Results for Package Dict

Last updated on 2025-11-23 05:50:14 CET.

Flavor Version Tinstall Tcheck Ttotal Status Flags
r-devel-linux-x86_64-debian-clang 0.1.0 2.96 25.69 28.65 OK
r-devel-linux-x86_64-debian-gcc 0.1.0 2.14 20.07 22.21 OK
r-devel-linux-x86_64-fedora-clang 0.1.0 40.64 NOTE
r-devel-windows-x86_64 0.1.0 6.00 47.00 53.00 OK
r-patched-linux-x86_64 0.1.0 2.97 22.60 25.57 OK
r-release-linux-x86_64 0.1.0 3.16 22.84 26.00 OK
r-release-macos-arm64 0.1.0 OK
r-release-macos-x86_64 0.1.0 3.00 32.00 35.00 OK
r-release-windows-x86_64 0.1.0 5.00 48.00 53.00 OK
r-oldrel-macos-arm64 0.1.0 NOTE
r-oldrel-macos-x86_64 0.1.0 2.00 21.00 23.00 NOTE
r-oldrel-windows-x86_64 0.1.0 6.00 52.00 58.00 NOTE

Check Details

Version: 0.1.0
Check: dependencies in R code
Result: NOTE Namespaces in Imports field not imported from: ‘R6’ ‘dplyr’ ‘purrr’ All declared Imports should be used. Flavor: r-devel-linux-x86_64-fedora-clang

Version: 0.1.0
Check: LazyData
Result: NOTE 'LazyData' is specified without a 'data' directory Flavors: r-oldrel-macos-arm64, r-oldrel-macos-x86_64, r-oldrel-windows-x86_64