Last updated on 2024-04-18 18:57:32 CEST.
Flavor | Version | Tinstall | Tcheck | Ttotal | Status | Flags |
---|---|---|---|---|---|---|
r-devel-linux-x86_64-debian-clang | 0.6-1 | 4.78 | 36.41 | 41.19 | NOTE | |
r-devel-linux-x86_64-debian-gcc | 0.6-1 | 3.36 | 27.31 | 30.67 | NOTE | |
r-devel-linux-x86_64-fedora-clang | 0.6-1 | 52.63 | NOTE | |||
r-devel-linux-x86_64-fedora-gcc | 0.6-1 | 49.80 | NOTE | |||
r-prerel-macos-arm64 | 0.6-1 | 19.00 | NOTE | |||
r-prerel-windows-x86_64 | 0.6-1 | 9.00 | 53.00 | 62.00 | NOTE | |
r-patched-linux-x86_64 | 0.6-1 | 5.00 | 35.09 | 40.09 | NOTE | |
r-release-linux-x86_64 | 0.6-1 | 5.21 | 35.77 | 40.98 | OK | |
r-release-macos-arm64 | 0.6-1 | 23.00 | OK | |||
r-release-macos-x86_64 | 0.6-1 | 58.00 | OK | |||
r-release-windows-x86_64 | 0.6-1 | 8.00 | 55.00 | 63.00 | OK | |
r-oldrel-macos-arm64 | 0.6-1 | 25.00 | OK | |||
r-oldrel-windows-x86_64 | 0.6-1 | 9.00 | 59.00 | 68.00 | OK |
Version: 0.6-1
Check: Rd files
Result: NOTE
checkRd: (-1) moranTest.Rd:37: Lost braces; missing escapes or markup?
37 | {M(theta)=-(log(y_1-y_0)+log(y_2-y_1)+...+log(y_m-y_m-1))}
| ^
Flavors: r-devel-linux-x86_64-debian-clang, r-devel-linux-x86_64-debian-gcc, r-devel-linux-x86_64-fedora-clang, r-devel-linux-x86_64-fedora-gcc, r-prerel-macos-arm64, r-prerel-windows-x86_64, r-patched-linux-x86_64