Last updated on 2025-11-23 17:50:10 CET.
| Flavor | Version | Tinstall | Tcheck | Ttotal | Status | Flags |
|---|---|---|---|---|---|---|
| r-devel-linux-x86_64-debian-clang | 1.1 | 7.66 | 62.93 | 70.59 | NOTE | |
| r-devel-linux-x86_64-debian-gcc | 1.1 | 5.09 | 48.54 | 53.63 | NOTE | |
| r-devel-linux-x86_64-fedora-clang | 1.1 | 16.00 | 91.68 | 107.68 | OK | |
| r-devel-windows-x86_64 | 1.1 | 9.00 | 70.00 | 79.00 | OK | |
| r-patched-linux-x86_64 | 1.1 | 7.24 | 61.05 | 68.29 | OK | |
| r-release-linux-x86_64 | 1.1 | 6.86 | 60.39 | 67.25 | OK | |
| r-release-macos-arm64 | 1.1 | OK | ||||
| r-release-macos-x86_64 | 1.1 | 8.00 | 55.00 | 63.00 | OK | |
| r-release-windows-x86_64 | 1.1 | 9.00 | 83.00 | 92.00 | OK | |
| r-oldrel-macos-arm64 | 1.1 | OK | ||||
| r-oldrel-macos-x86_64 | 1.1 | 5.00 | 44.00 | 49.00 | OK | |
| r-oldrel-windows-x86_64 | 1.1 | 10.00 | 91.00 | 101.00 | OK |
Version: 1.1
Check: CRAN incoming feasibility
Result: NOTE
Maintainer: ‘Mary C Meyer <meyer@stat.colostate.edu>’
No Authors@R field in DESCRIPTION.
Please add one, modifying
Authors@R: c(person(given = c("Mary", "C"),
family = "Meyer",
role = c("aut", "cre"),
email = "meyer@stat.colostate.edu"),
person(given = "Bodhisattva",
family = "Sen",
role = "aut"))
as necessary.
Found the following (possibly) invalid file URI:
URI: www.kentuckyderby.com
From: man/derby.Rd
Flavors: r-devel-linux-x86_64-debian-clang, r-devel-linux-x86_64-debian-gcc