Last updated on 2025-05-18 18:49:59 CEST.
Flavor | Version | Tinstall | Tcheck | Ttotal | Status | Flags |
---|---|---|---|---|---|---|
r-devel-linux-x86_64-debian-clang | 1.3 | 14.06 | 37.95 | 52.01 | OK | |
r-devel-linux-x86_64-debian-gcc | 1.3 | 11.47 | 29.93 | 41.40 | OK | |
r-devel-linux-x86_64-fedora-clang | 1.3 | 87.99 | OK | |||
r-devel-linux-x86_64-fedora-gcc | 1.3 | 89.44 | OK | |||
r-devel-windows-x86_64 | 1.3 | 18.00 | 74.00 | 92.00 | OK | |
r-patched-linux-x86_64 | 1.3 | 15.79 | 36.85 | 52.64 | OK | |
r-release-linux-x86_64 | 1.3 | 16.73 | 36.35 | 53.08 | OK | |
r-release-macos-arm64 | 1.3 | 38.00 | OK | |||
r-release-macos-x86_64 | 1.3 | 50.00 | OK | |||
r-release-windows-x86_64 | 1.3 | 18.00 | 87.00 | 105.00 | OK | |
r-oldrel-macos-arm64 | 1.3 | 32.00 | NOTE | |||
r-oldrel-macos-x86_64 | 1.3 | 43.00 | NOTE | |||
r-oldrel-windows-x86_64 | 1.3 | 19.00 | 89.00 | 108.00 | NOTE |
Version: 1.3
Check: installed package size
Result: NOTE
installed size is 5.2Mb
sub-directories of 1Mb or more:
data 3.9Mb
libs 1.1Mb
Flavors: r-oldrel-macos-arm64, r-oldrel-macos-x86_64, r-oldrel-windows-x86_64