Last updated on 2024-04-24 07:15:01 CEST.
Flavor | Version | Tinstall | Tcheck | Ttotal | Status | Flags |
---|---|---|---|---|---|---|
r-devel-linux-x86_64-debian-clang | 4.1.3 | 12.76 | 156.44 | 169.20 | OK | |
r-devel-linux-x86_64-debian-gcc | 4.1.3 | 9.43 | 115.12 | 124.55 | OK | |
r-devel-linux-x86_64-fedora-clang | 4.1.3 | 216.24 | NOTE | |||
r-devel-linux-x86_64-fedora-gcc | 4.1.3 | 207.92 | NOTE | |||
r-prerel-macos-arm64 | 4.1.3 | 69.00 | OK | |||
r-prerel-windows-x86_64 | 4.1.3 | 12.00 | 132.00 | 144.00 | OK | |
r-patched-linux-x86_64 | 4.1.3 | 9.83 | 148.56 | 158.39 | OK | |
r-release-linux-x86_64 | 4.1.3 | 8.50 | 152.79 | 161.29 | OK | |
r-release-macos-arm64 | 4.1.3 | 69.00 | OK | |||
r-release-macos-x86_64 | 4.1.3 | 103.00 | OK | |||
r-release-windows-x86_64 | 4.1.3 | 17.00 | 164.00 | 181.00 | OK | |
r-oldrel-macos-arm64 | 4.1.3 | 56.00 | NOTE | |||
r-oldrel-windows-x86_64 | 4.1.3 | 17.00 | 165.00 | 182.00 | OK |
Version: 4.1.3
Check: dependencies in R code
Result: NOTE
Namespace in Imports field not imported from: ‘metadat’
All declared Imports should be used.
Flavors: r-devel-linux-x86_64-fedora-clang, r-devel-linux-x86_64-fedora-gcc, r-oldrel-macos-arm64