Last updated on 2024-04-17 18:56:40 CEST.
Flavor | Version | Tinstall | Tcheck | Ttotal | Status | Flags |
---|---|---|---|---|---|---|
r-devel-linux-x86_64-debian-clang | 2.2.2 | 106.33 | 42.57 | 148.90 | NOTE | |
r-devel-linux-x86_64-debian-gcc | 2.2.2 | 72.10 | 31.56 | 103.66 | NOTE | |
r-devel-linux-x86_64-fedora-clang | 2.2.2 | 213.47 | NOTE | |||
r-devel-linux-x86_64-fedora-gcc | 2.2.2 | 191.73 | NOTE | |||
r-prerel-macos-arm64 | 2.2.2 | 36.00 | NOTE | |||
r-prerel-windows-x86_64 | 2.2.2 | 75.00 | 83.00 | 158.00 | NOTE | |
r-patched-linux-x86_64 | 2.2.2 | 95.21 | 41.40 | 136.61 | NOTE | |
r-release-linux-x86_64 | 2.2.2 | 90.45 | 41.61 | 132.06 | NOTE | |
r-release-macos-arm64 | 2.2.2 | 44.00 | NOTE | |||
r-release-macos-x86_64 | 2.2.2 | 79.00 | NOTE | |||
r-release-windows-x86_64 | 2.2.2 | 73.00 | 81.00 | 154.00 | NOTE | |
r-oldrel-macos-arm64 | 2.2.2 | 43.00 | NOTE | |||
r-oldrel-windows-x86_64 | 2.2.2 | 88.00 | 79.00 | 167.00 | NOTE |
Version: 2.2.2
Check: LazyData
Result: NOTE
'LazyData' is specified without a 'data' directory
Flavors: r-devel-linux-x86_64-debian-clang, r-devel-linux-x86_64-debian-gcc, r-devel-linux-x86_64-fedora-clang, r-devel-linux-x86_64-fedora-gcc, r-prerel-macos-arm64, r-prerel-windows-x86_64, r-patched-linux-x86_64, r-release-linux-x86_64, r-release-macos-arm64, r-release-macos-x86_64, r-release-windows-x86_64, r-oldrel-macos-arm64, r-oldrel-windows-x86_64