CRAN Package Check Results for Package Elja

Last updated on 2025-07-21 18:53:03 CEST.

Flavor Version Tinstall Tcheck Ttotal Status Flags
r-devel-linux-x86_64-debian-clang 1.0.0 9.42 82.79 92.21 NOTE
r-devel-linux-x86_64-debian-gcc 1.0.0 5.86 55.63 61.49 NOTE
r-devel-linux-x86_64-fedora-clang 1.0.0 150.31 OK
r-devel-linux-x86_64-fedora-gcc 1.0.0 151.27 OK
r-devel-windows-x86_64 1.0.0 10.00 84.00 94.00 OK
r-patched-linux-x86_64 1.0.0 8.48 76.88 85.36 OK
r-release-linux-x86_64 1.0.0 9.57 76.65 86.22 OK
r-release-macos-arm64 1.0.0 45.00 OK
r-release-macos-x86_64 1.0.0 84.00 OK
r-release-windows-x86_64 1.0.0 12.00 87.00 99.00 OK
r-oldrel-macos-arm64 1.0.0 38.00 OK
r-oldrel-macos-x86_64 1.0.0 104.00 OK
r-oldrel-windows-x86_64 1.0.0 14.00 113.00 127.00 OK

Check Details

Version: 1.0.0
Check: DESCRIPTION meta-information
Result: NOTE Author field differs from that derived from Authors@R Author: ‘Marwan El Homsi [aut, cre, cph] (<https://orcid.org/0000-0002-5782-6757>, Desbrest Institute of Epidemiology and Public Health, Univ Montpellier, INSERM, Montpellier, France.), Isabella Annesi-Maesano [ctb, ths, fnd] (<https://orcid.org/0000-0002-6340-9300>, Desbrest Institute of Epidemiology and Public Health, Univ Montpellier, INSERM, Montpellier, France., Department of Allergic and Respiratory Diseases, Montpellier University Hospital, Montpellier.)’ Authors@R: ‘Marwan El Homsi [aut, cre, cph] (ORCID: <https://orcid.org/0000-0002-5782-6757>, affiliation: Desbrest Institute of Epidemiology and Public Health, Univ Montpellier, INSERM, Montpellier, France.), Isabella Annesi-Maesano [ctb, ths, fnd] (ORCID: <https://orcid.org/0000-0002-6340-9300>, affiliation1: Desbrest Institute of Epidemiology and Public Health, Univ Montpellier, INSERM, Montpellier, France., affiliation2: Department of Allergic and Respiratory Diseases, Montpellier University Hospital, Montpellier.)’ Flavors: r-devel-linux-x86_64-debian-clang, r-devel-linux-x86_64-debian-gcc