Last updated on 2025-11-04 05:51:09 CET.
| Flavor | Version | Tinstall | Tcheck | Ttotal | Status | Flags | 
|---|---|---|---|---|---|---|
| r-devel-linux-x86_64-debian-clang | 0.29.4 | 21.44 | 119.06 | 140.50 | NOTE | |
| r-devel-linux-x86_64-debian-gcc | 0.29.4 | 15.42 | 87.98 | 103.40 | NOTE | |
| r-devel-linux-x86_64-fedora-clang | 0.29.4 | 56.00 | 170.33 | 226.33 | OK | |
| r-devel-linux-x86_64-fedora-gcc | 0.29.4 | 64.00 | 175.95 | 239.95 | OK | |
| r-devel-windows-x86_64 | 0.29.4 | 27.00 | 160.00 | 187.00 | NOTE | |
| r-patched-linux-x86_64 | 0.29.4 | 23.88 | 117.66 | 141.54 | OK | |
| r-release-linux-x86_64 | 0.29.4 | 20.20 | 116.39 | 136.59 | OK | |
| r-release-macos-arm64 | 0.29.4 | 10.00 | 92.00 | 102.00 | OK | |
| r-release-macos-x86_64 | 0.29.4 | 15.00 | 208.00 | 223.00 | OK | |
| r-release-windows-x86_64 | 0.29.4 | 27.00 | 153.00 | 180.00 | NOTE | |
| r-oldrel-macos-arm64 | 0.29.4 | 9.00 | 65.00 | 74.00 | OK | |
| r-oldrel-macos-x86_64 | 0.29.4 | 12.00 | 97.00 | 109.00 | OK | |
| r-oldrel-windows-x86_64 | 0.29.4 | 31.00 | 196.00 | 227.00 | NOTE | 
Version: 0.29.4
Check: CRAN incoming feasibility
Result: NOTE
  Maintainer: ‘Christof Neumann <christofneumann1@gmail.com>’
  
  No Authors@R field in DESCRIPTION.
  Please add one, modifying
    Authors@R: person(given = "Christof",
                      family = "Neumann",
                      role = c("aut", "cre"),
                      email = "christofneumann1@gmail.com")
  as necessary.
Flavors: r-devel-linux-x86_64-debian-clang, r-devel-linux-x86_64-debian-gcc
Version: 0.29.4
Check: C++ specification
Result: NOTE
    Specified C++11: please drop specification unless essential
Flavors: r-devel-windows-x86_64, r-release-windows-x86_64, r-oldrel-windows-x86_64