Last updated on 2024-04-23 06:56:54 CEST.
Flavor | Version | Tinstall | Tcheck | Ttotal | Status | Flags |
---|---|---|---|---|---|---|
r-devel-linux-x86_64-debian-clang | 2.4.0 | 46.94 | 749.46 | 796.40 | OK | |
r-devel-linux-x86_64-debian-gcc | 2.4.0 | 37.05 | 525.18 | 562.23 | OK | |
r-devel-linux-x86_64-fedora-clang | 2.4.0 | 959.46 | OK | |||
r-devel-linux-x86_64-fedora-gcc | 2.4.0 | 936.86 | OK | |||
r-prerel-macos-arm64 | 2.4.0 | 235.00 | OK | |||
r-prerel-windows-x86_64 | 2.4.0 | 41.00 | 550.00 | 591.00 | OK | |
r-patched-linux-x86_64 | 2.4.0 | 39.16 | 701.89 | 741.05 | OK | |
r-release-linux-x86_64 | 2.4.0 | 40.44 | 680.84 | 721.28 | OK | |
r-release-macos-arm64 | 2.4.0 | 209.00 | OK | |||
r-release-macos-x86_64 | 2.4.0 | 462.00 | OK | |||
r-release-windows-x86_64 | 2.4.0 | 55.00 | 720.00 | 775.00 | NOTE | |
r-oldrel-macos-arm64 | 2.4.0 | 221.00 | OK | |||
r-oldrel-windows-x86_64 | 2.4.0 | 52.00 | 692.00 | 744.00 | NOTE |
Version: 2.4.0
Check: installed package size
Result: NOTE
installed size is 5.0Mb
sub-directories of 1Mb or more:
doc 2.8Mb
libs 1.0Mb
Flavors: r-release-windows-x86_64, r-oldrel-windows-x86_64