Last updated on 2025-11-23 05:50:15 CET.
| Flavor | Version | Tinstall | Tcheck | Ttotal | Status | Flags |
|---|---|---|---|---|---|---|
| r-devel-linux-x86_64-debian-clang | 0.1.2 | 3.00 | 21.74 | 24.74 | NOTE | |
| r-devel-linux-x86_64-debian-gcc | 0.1.2 | 1.99 | 17.33 | 19.32 | NOTE | |
| r-devel-linux-x86_64-fedora-clang | 0.1.2 | 15.00 | 24.09 | 39.09 | OK | |
| r-devel-windows-x86_64 | 0.1.2 | 4.00 | 38.00 | 42.00 | OK | |
| r-patched-linux-x86_64 | 0.1.2 | 2.77 | 20.48 | 23.25 | OK | |
| r-release-linux-x86_64 | 0.1.2 | 2.34 | 20.63 | 22.97 | OK | |
| r-release-macos-arm64 | 0.1.2 | OK | ||||
| r-release-macos-x86_64 | 0.1.2 | 3.00 | 22.00 | 25.00 | OK | |
| r-release-windows-x86_64 | 0.1.2 | 5.00 | 40.00 | 45.00 | OK | |
| r-oldrel-macos-arm64 | 0.1.2 | NOTE | ||||
| r-oldrel-macos-x86_64 | 0.1.2 | 2.00 | 21.00 | 23.00 | NOTE | |
| r-oldrel-windows-x86_64 | 0.1.2 | 5.00 | 48.00 | 53.00 | NOTE |
Version: 0.1.2
Check: CRAN incoming feasibility
Result: NOTE
Maintainer: ‘Bilge Baser <bilge.baser@msgsu.edu.tr>’
No Authors@R field in DESCRIPTION.
Please add one, modifying
Authors@R: person(given = "Bilge",
family = "Baser",
role = c("aut", "cre"),
email = "bilge.baser@msgsu.edu.tr")
as necessary.
Flavors: r-devel-linux-x86_64-debian-clang, r-devel-linux-x86_64-debian-gcc
Version: 0.1.2
Check: LazyData
Result: NOTE
'LazyData' is specified without a 'data' directory
Flavors: r-oldrel-macos-arm64, r-oldrel-macos-x86_64, r-oldrel-windows-x86_64