CRAN Package Check Results for Package ExcessMass

Last updated on 2025-11-23 05:50:16 CET.

Flavor Version Tinstall Tcheck Ttotal Status Flags
r-devel-linux-x86_64-debian-clang 1.0.1 2.33 35.39 37.72 NOTE
r-devel-linux-x86_64-debian-gcc 1.0.1 1.59 25.20 26.79 NOTE
r-devel-linux-x86_64-fedora-clang 1.0.1 60.89 OK
r-devel-windows-x86_64 1.0.1 5.00 49.00 54.00 OK
r-patched-linux-x86_64 1.0.1 2.22 34.37 36.59 OK
r-release-linux-x86_64 1.0.1 2.19 33.47 35.66 OK
r-release-macos-arm64 1.0.1 OK
r-release-macos-x86_64 1.0.1 2.00 33.00 35.00 OK
r-release-windows-x86_64 1.0.1 5.00 63.00 68.00 OK
r-oldrel-macos-arm64 1.0.1 OK
r-oldrel-macos-x86_64 1.0.1 2.00 30.00 32.00 OK
r-oldrel-windows-x86_64 1.0.1 3.00 58.00 61.00 OK

Check Details

Version: 1.0.1
Check: CRAN incoming feasibility
Result: NOTE Maintainer: ‘Marc-Daniel Mildenberger <mildenberger.stat@web.de>’ No Authors@R field in DESCRIPTION. Please add one, modifying Authors@R: person(given = "Marc-Daniel", family = "Mildenberger", role = c("aut", "cre"), email = "mildenberger.stat@web.de") as necessary. Flavors: r-devel-linux-x86_64-debian-clang, r-devel-linux-x86_64-debian-gcc