Last updated on 2025-05-18 06:49:13 CEST.
Flavor | Version | Tinstall | Tcheck | Ttotal | Status | Flags |
---|---|---|---|---|---|---|
r-devel-linux-x86_64-debian-clang | 1.3.0 | 16.19 | 131.86 | 148.05 | NOTE | |
r-devel-linux-x86_64-debian-gcc | 1.3.0 | 11.90 | 95.30 | 107.20 | NOTE | |
r-devel-linux-x86_64-fedora-clang | 1.3.0 | 232.95 | OK | |||
r-devel-linux-x86_64-fedora-gcc | 1.3.0 | 220.72 | OK | |||
r-devel-windows-x86_64 | 1.3.0 | 19.00 | 121.00 | 140.00 | NOTE | |
r-patched-linux-x86_64 | 1.3.0 | 15.76 | 125.24 | 141.00 | NOTE | |
r-release-linux-x86_64 | 1.3.0 | 16.09 | 124.84 | 140.93 | NOTE | |
r-release-macos-arm64 | 1.3.0 | 58.00 | OK | |||
r-release-macos-x86_64 | 1.3.0 | 127.00 | OK | |||
r-release-windows-x86_64 | 1.3.0 | 18.00 | 129.00 | 147.00 | NOTE | |
r-oldrel-macos-arm64 | 1.3.0 | 60.00 | OK | |||
r-oldrel-macos-x86_64 | 1.3.0 | 93.00 | OK | |||
r-oldrel-windows-x86_64 | 1.3.0 | 23.00 | 153.00 | 176.00 | OK |
Version: 1.3.0
Check: CRAN incoming feasibility
Result: NOTE
Maintainer: ‘Marko Robnik-Sikonja <marko.robnik@fri.uni-lj.si>’
No Authors@R field in DESCRIPTION.
Please add one, modifying
Authors@R: person(given = "Marko",
family = "Robnik-Sikonja",
role = c("aut", "cre"),
email = "marko.robnik@fri.uni-lj.si")
as necessary.
Flavors: r-devel-linux-x86_64-debian-clang, r-devel-linux-x86_64-debian-gcc
Version: 1.3.0
Check: Rd cross-references
Result: NOTE
Found the following Rd file(s) with Rd \link{} targets missing package
anchors:
ExplainPrediction-package.Rd: CORElearn, CoreModel, predict.CoreModel
explanation.Rd: CoreModel, discretize, semiArtificial-package,
CORElearn, predict.CoreModel, attrEval
wrap4Explanation.Rd: nnet, CORElearn-package
Please provide package anchors for all Rd \link{} targets not in the
package itself and the base packages.
Flavors: r-devel-linux-x86_64-debian-clang, r-devel-linux-x86_64-debian-gcc, r-devel-windows-x86_64, r-patched-linux-x86_64, r-release-linux-x86_64, r-release-windows-x86_64