Last updated on 2024-07-23 18:58:58 CEST.
Flavor | Version | Tinstall | Tcheck | Ttotal | Status | Flags |
---|---|---|---|---|---|---|
r-devel-linux-x86_64-debian-clang | 1.0.6 | 32.49 | 47.90 | 80.39 | OK | |
r-devel-linux-x86_64-debian-gcc | 1.0.6 | 23.47 | 36.44 | 59.91 | NOTE | |
r-devel-linux-x86_64-fedora-clang | 1.0.6 | 119.76 | OK | |||
r-devel-linux-x86_64-fedora-gcc | 1.0.6 | 107.84 | OK | |||
r-devel-windows-x86_64 | 1.0.6 | 26.00 | 74.00 | 100.00 | NOTE | |
r-patched-linux-x86_64 | 1.0.6 | 35.45 | 46.78 | 82.23 | OK | |
r-release-linux-x86_64 | 1.0.6 | 31.21 | 46.11 | 77.32 | OK | |
r-release-macos-arm64 | 1.0.6 | 32.00 | OK | |||
r-release-macos-x86_64 | 1.0.6 | 50.00 | OK | |||
r-release-windows-x86_64 | 1.0.6 | 33.00 | 74.00 | 107.00 | OK | |
r-oldrel-macos-arm64 | 1.0.6 | 34.00 | OK | |||
r-oldrel-macos-x86_64 | 1.0.6 | 49.00 | OK | |||
r-oldrel-windows-x86_64 | 1.0.6 | 33.00 | 87.00 | 120.00 | OK |
Version: 1.0.6
Check: Rd cross-references
Result: NOTE
Found the following Rd file(s) with Rd \link{} targets missing package
anchors:
fast.Discrete.Rd: fisher.pvalues.support
Please provide package anchors for all Rd \link{} targets not in the
package itself and the base packages.
Flavors: r-devel-linux-x86_64-debian-gcc, r-devel-windows-x86_64