Last updated on 2024-07-23 18:58:58 CEST.
Flavor | Version | Tinstall | Tcheck | Ttotal | Status | Flags |
---|---|---|---|---|---|---|
r-devel-linux-x86_64-debian-clang | 1.5.1 | 8.99 | 85.45 | 94.44 | OK | |
r-devel-linux-x86_64-debian-gcc | 1.5.1 | 6.71 | 62.67 | 69.38 | OK | |
r-devel-linux-x86_64-fedora-clang | 1.5.1 | 114.92 | NOTE | |||
r-devel-linux-x86_64-fedora-gcc | 1.5.1 | 111.98 | OK | |||
r-devel-windows-x86_64 | 1.5.1 | 9.00 | 83.00 | 92.00 | OK | |
r-patched-linux-x86_64 | 1.5.1 | 10.54 | 82.38 | 92.92 | OK | |
r-release-linux-x86_64 | 1.5.1 | 9.94 | 79.86 | 89.80 | OK | |
r-release-macos-arm64 | 1.5.1 | 38.00 | OK | |||
r-release-macos-x86_64 | 1.5.1 | 58.00 | OK | |||
r-release-windows-x86_64 | 1.5.1 | 8.00 | 84.00 | 92.00 | OK | |
r-oldrel-macos-arm64 | 1.5.1 | 43.00 | OK | |||
r-oldrel-macos-x86_64 | 1.5.1 | 89.00 | OK | |||
r-oldrel-windows-x86_64 | 1.5.1 | 11.00 | 97.00 | 108.00 | OK |
Version: 1.5.1
Check: Rd cross-references
Result: NOTE
Undeclared packages ‘MLEcens’, ‘Icens’ in Rd xrefs
Flavor: r-devel-linux-x86_64-fedora-clang