Last updated on 2025-11-23 05:50:17 CET.
| Flavor | Version | Tinstall | Tcheck | Ttotal | Status | Flags |
|---|---|---|---|---|---|---|
| r-devel-linux-x86_64-debian-clang | 0.3.4 | 3.95 | 76.47 | 80.42 | NOTE | |
| r-devel-linux-x86_64-debian-gcc | 0.3.4 | 3.25 | 40.29 | 43.54 | NOTE | |
| r-devel-linux-x86_64-fedora-clang | 0.3.4 | 122.32 | NOTE | |||
| r-devel-windows-x86_64 | 0.3.4 | 12.00 | 71.00 | 83.00 | OK | |
| r-patched-linux-x86_64 | 0.3.4 | 4.21 | 55.04 | 59.25 | OK | |
| r-release-linux-x86_64 | 0.3.4 | 3.94 | 55.29 | 59.23 | OK | |
| r-release-macos-arm64 | 0.3.4 | OK | ||||
| r-release-macos-x86_64 | 0.3.4 | 16.00 | 91.00 | 107.00 | OK | |
| r-release-windows-x86_64 | 0.3.4 | 10.00 | 85.00 | 95.00 | OK | |
| r-oldrel-macos-arm64 | 0.3.4 | OK | ||||
| r-oldrel-macos-x86_64 | 0.3.4 | 15.00 | 87.00 | 102.00 | OK | |
| r-oldrel-windows-x86_64 | 0.3.4 | 11.00 | 84.00 | 95.00 | OK |
Version: 0.3.4
Check: HTML version of manual
Result: NOTE
Found the following HTML validation problems:
FKF.SP.html:554:1 (fks.SP.Rd:23): Warning: <script> anchor "MathJax-script" already defined
Flavors: r-devel-linux-x86_64-debian-clang, r-devel-linux-x86_64-debian-gcc, r-devel-linux-x86_64-fedora-clang