Last updated on 2025-11-19 17:48:40 CET.
| Flavor | Version | Tinstall | Tcheck | Ttotal | Status | Flags |
|---|---|---|---|---|---|---|
| r-devel-linux-x86_64-debian-clang | 0.3.13 | 69.57 | 58.72 | 128.29 | OK | |
| r-devel-linux-x86_64-debian-gcc | 0.3.13 | 49.72 | 44.30 | 94.02 | OK | |
| r-devel-linux-x86_64-fedora-clang | 0.3.13 | 117.00 | 110.19 | 227.19 | OK | |
| r-devel-linux-x86_64-fedora-gcc | 0.3.13 | 143.00 | 116.96 | 259.96 | OK | |
| r-devel-windows-x86_64 | 0.3.13 | 101.00 | 125.00 | 226.00 | OK | |
| r-patched-linux-x86_64 | 0.3.13 | 69.94 | 56.85 | 126.79 | OK | |
| r-release-linux-x86_64 | 0.3.13 | 70.25 | 56.01 | 126.26 | OK | |
| r-release-macos-arm64 | 0.3.13 | OK | ||||
| r-release-macos-x86_64 | 0.3.13 | 32.00 | 96.00 | 128.00 | OK | |
| r-release-windows-x86_64 | 0.3.13 | 83.00 | 103.00 | 186.00 | OK | |
| r-oldrel-macos-arm64 | 0.3.13 | NOTE | ||||
| r-oldrel-macos-x86_64 | 0.3.13 | 31.00 | 90.00 | 121.00 | NOTE | |
| r-oldrel-windows-x86_64 | 0.3.13 | 97.00 | 127.00 | 224.00 | OK |
Version: 0.3.13
Check: package dependencies
Result: NOTE
Package suggested but not available for checking: ‘RTCGA.rnaseq’
Flavor: r-oldrel-macos-arm64
Version: 0.3.13
Check: installed package size
Result: NOTE
installed size is 10.1Mb
sub-directories of 1Mb or more:
libs 9.7Mb
Flavors: r-oldrel-macos-arm64, r-oldrel-macos-x86_64