Last updated on 2025-05-05 06:51:33 CEST.
Flavor | Version | Tinstall | Tcheck | Ttotal | Status | Flags |
---|---|---|---|---|---|---|
r-devel-linux-x86_64-debian-clang | 1.1 | 5.46 | 57.92 | 63.38 | NOTE | |
r-devel-linux-x86_64-debian-gcc | 1.1 | 5.21 | 41.93 | 47.14 | NOTE | |
r-devel-linux-x86_64-fedora-clang | 1.2 | 110.33 | OK | |||
r-devel-linux-x86_64-fedora-gcc | 1.2 | 107.36 | OK | |||
r-devel-windows-x86_64 | 1.1 | 7.00 | 69.00 | 76.00 | NOTE | |
r-patched-linux-x86_64 | 1.1 | 6.18 | 55.30 | 61.48 | NOTE | |
r-release-linux-x86_64 | 1.1 | 6.94 | 55.25 | 62.19 | NOTE | |
r-release-macos-arm64 | 1.2 | 31.00 | OK | |||
r-release-macos-x86_64 | 1.2 | 56.00 | OK | |||
r-release-windows-x86_64 | 1.2 | 8.00 | 87.00 | 95.00 | OK | |
r-oldrel-macos-arm64 | 1.2 | 39.00 | NOTE | |||
r-oldrel-macos-x86_64 | 1.2 | 65.00 | NOTE | |||
r-oldrel-windows-x86_64 | 1.1 | 10.00 | 80.00 | 90.00 | NOTE |
Version: 1.1
Check: CRAN incoming feasibility
Result: NOTE
Maintainer: ‘Shannon T. Holloway <shannon.t.holloway@gmail.com>’
No Authors@R field in DESCRIPTION.
Please add one, modifying
Authors@R: c(person(given = "Rachel",
family = "Marceau",
role = "aut"),
person(given = "Wenbin",
family = "Lu",
role = "aut"),
person(given = c("Michele", "M."),
family = "Sale",
role = "aut"),
person(given = c("Bradford", "B."),
family = "Worrall",
role = "aut"),
person(given = c("Stephen", "R."),
family = "Williams",
role = "aut"),
person(given = "Fang-Chi",
family = "Hsu",
role = "aut"),
person(given = "Jung-Ying",
family = "Tzeng",
role = "aut"),
person(given = c("Shannon", "T."),
family = "Holloway",
role = c("aut", "cre"),
email = "shannon.t.holloway@gmail.com"))
as necessary.
Flavors: r-devel-linux-x86_64-debian-clang, r-devel-linux-x86_64-debian-gcc
Version: 1.1
Check: Rd files
Result: NOTE
checkRd: (-1) KITdesign.Rd:36: Lost braces; missing escapes or markup?
36 | \item{trait}{One of {'c','d','s',NULL} indicating the type
| ^
checkRd: (-1) KITkernel.Rd:51: Lost braces; missing escapes or markup?
51 | \item{trait}{One of {'c','d','s',NULL} indicating the type
| ^
checkRd: (-1) geno.Rd:19: Lost braces; missing escapes or markup?
19 | Must be one of {'ibs', 'linear', 'quadratic'}.
| ^
checkRd: (-1) geno.Rd:31: Lost braces; missing escapes or markup?
31 | {'add', 'dom', 'rec'} indicating additive,
| ^
checkRd: (-1) nongeno.Rd:14: Lost braces; missing escapes or markup?
14 | Must be one of {'interactive', 'linear', 'quadratic'}.
| ^
Flavors: r-devel-linux-x86_64-debian-clang, r-devel-linux-x86_64-debian-gcc, r-devel-windows-x86_64, r-patched-linux-x86_64, r-release-linux-x86_64, r-oldrel-windows-x86_64
Version: 1.2
Check: package dependencies
Result: NOTE
Package suggested but not available for checking: ‘coxKM’
Flavors: r-oldrel-macos-arm64, r-oldrel-macos-x86_64
Version: 1.1
Check: package dependencies
Result: NOTE
Package suggested but not available for checking: 'coxKM'
Flavor: r-oldrel-windows-x86_64