Last updated on 2024-04-18 06:57:40 CEST.
Flavor | Version | Tinstall | Tcheck | Ttotal | Status | Flags |
---|---|---|---|---|---|---|
r-devel-linux-x86_64-debian-clang | 0.2.2 | 9.65 | 201.00 | 210.65 | OK | |
r-devel-linux-x86_64-debian-gcc | 0.2.2 | 9.64 | 152.40 | 162.04 | OK | |
r-devel-linux-x86_64-fedora-clang | 0.2.2 | 272.31 | OK | |||
r-devel-linux-x86_64-fedora-gcc | 0.2.2 | 283.91 | OK | |||
r-prerel-macos-arm64 | 0.2.2 | 78.00 | OK | |||
r-prerel-windows-x86_64 | 0.2.2 | 10.00 | 136.00 | 146.00 | OK | |
r-patched-linux-x86_64 | 0.2.2 | 11.39 | 194.66 | 206.05 | OK | |
r-release-linux-x86_64 | 0.2.2 | 13.25 | 198.28 | 211.53 | OK | |
r-release-macos-arm64 | 0.2.2 | 85.00 | OK | |||
r-release-macos-x86_64 | 0.2.2 | 114.00 | NOTE | |||
r-release-windows-x86_64 | 0.2.2 | 15.00 | 176.00 | 191.00 | OK | |
r-oldrel-macos-arm64 | 0.2.2 | 73.00 | OK | |||
r-oldrel-windows-x86_64 | 0.2.2 | 15.00 | 168.00 | 183.00 | OK |
Version: 0.2.2
Check: package dependencies
Result: NOTE
Package suggested but not available for checking: ‘DESeq2’
Flavor: r-release-macos-x86_64