Last updated on 2025-05-18 18:50:01 CEST.
Flavor | Version | Tinstall | Tcheck | Ttotal | Status | Flags |
---|---|---|---|---|---|---|
r-devel-linux-x86_64-debian-clang | 3.1.0 | 9.56 | 82.56 | 92.12 | NOTE | |
r-devel-linux-x86_64-debian-gcc | 3.1.0 | 6.67 | 61.28 | 67.95 | NOTE | |
r-devel-linux-x86_64-fedora-clang | 3.1.0 | 143.45 | OK | |||
r-devel-linux-x86_64-fedora-gcc | 3.1.0 | 136.19 | OK | |||
r-devel-windows-x86_64 | 3.1.0 | 13.00 | 85.00 | 98.00 | OK | |
r-patched-linux-x86_64 | 3.1.0 | 9.53 | 78.14 | 87.67 | OK | |
r-release-linux-x86_64 | 3.1.0 | 10.34 | 77.80 | 88.14 | OK | |
r-release-macos-arm64 | 3.1.0 | 60.00 | OK | |||
r-release-macos-x86_64 | 3.1.0 | 94.00 | OK | |||
r-release-windows-x86_64 | 3.1.0 | 11.00 | 86.00 | 97.00 | OK | |
r-oldrel-macos-arm64 | 3.1.0 | 38.00 | NOTE | |||
r-oldrel-macos-x86_64 | 3.1.0 | 81.00 | NOTE | |||
r-oldrel-windows-x86_64 | 3.1.0 | 13.00 | 109.00 | 122.00 | NOTE |
Version: 3.1.0
Check: CRAN incoming feasibility
Result: NOTE
Maintainer: ‘José Carlos Del Valle <jcval94@gmail.com>’
No Authors@R field in DESCRIPTION.
Please add one, modifying
Authors@R: person(given = c("José", "Carlos", "Del"),
family = "Valle",
role = c("aut", "cre"),
email = "jcval94@gmail.com")
as necessary.
Flavors: r-devel-linux-x86_64-debian-clang, r-devel-linux-x86_64-debian-gcc
Version: 3.1.0
Check: LazyData
Result: NOTE
'LazyData' is specified without a 'data' directory
Flavors: r-oldrel-macos-arm64, r-oldrel-macos-x86_64, r-oldrel-windows-x86_64