Last updated on 2024-03-28 17:49:28 CET.
Flavor | Version | Tinstall | Tcheck | Ttotal | Status | Flags |
---|---|---|---|---|---|---|
r-devel-linux-x86_64-debian-clang | 0.1.1 | 4.13 | 38.97 | 43.10 | NOTE | |
r-devel-linux-x86_64-debian-gcc | 0.1.1 | 2.92 | 29.29 | 32.21 | NOTE | |
r-devel-linux-x86_64-fedora-clang | 0.1.1 | 51.95 | NOTE | |||
r-devel-linux-x86_64-fedora-gcc | 0.1.1 | 51.37 | NOTE | |||
r-devel-windows-x86_64 | 0.1.1 | 4.00 | 51.00 | 55.00 | NOTE | |
r-patched-linux-x86_64 | 0.1.1 | 4.17 | 36.75 | 40.92 | NOTE | |
r-release-linux-x86_64 | 0.1.1 | 4.05 | 36.67 | 40.72 | OK | |
r-release-macos-arm64 | 0.1.1 | 20.00 | OK | |||
r-release-macos-x86_64 | 0.1.1 | 29.00 | OK | |||
r-release-windows-x86_64 | 0.1.1 | 6.00 | 54.00 | 60.00 | OK | |
r-oldrel-macos-arm64 | 0.1.1 | 22.00 | OK | |||
r-oldrel-windows-x86_64 | 0.1.1 | 6.00 | 64.00 | 70.00 | OK |
Version: 0.1.1
Check: Rd files
Result: NOTE
checkRd: (-1) flowdata.Rd:10: Lost braces; missing escapes or markup?
10 | \item{Flow}{Water flow, in m^{3}/s}
| ^
Flavors: r-devel-linux-x86_64-debian-clang, r-devel-linux-x86_64-debian-gcc, r-devel-linux-x86_64-fedora-clang, r-devel-linux-x86_64-fedora-gcc, r-devel-windows-x86_64, r-patched-linux-x86_64