CRAN Package Check Results for Package FuzzyR

Last updated on 2025-07-21 06:49:26 CEST.

Flavor Version Tinstall Tcheck Ttotal Status Flags
r-devel-linux-x86_64-debian-clang 2.3.2 9.21 63.44 72.65 NOTE
r-devel-linux-x86_64-debian-gcc 2.3.2 5.88 43.26 49.14 NOTE
r-devel-linux-x86_64-fedora-clang 2.3.2 115.65 NOTE
r-devel-linux-x86_64-fedora-gcc 2.3.2 103.08 NOTE
r-devel-windows-x86_64 2.3.2 9.00 81.00 90.00 NOTE
r-patched-linux-x86_64 2.3.2 9.19 59.97 69.16 NOTE
r-release-linux-x86_64 2.3.2 7.57 58.30 65.87 NOTE
r-release-macos-arm64 2.3.2 37.00 NOTE
r-release-macos-x86_64 2.3.2 73.00 NOTE
r-release-windows-x86_64 2.3.2 11.00 81.00 92.00 NOTE
r-oldrel-macos-arm64 2.3.2 30.00 NOTE
r-oldrel-macos-x86_64 2.3.2 50.00 NOTE
r-oldrel-windows-x86_64 2.3.2 14.00 102.00 116.00 NOTE

Check Details

Version: 2.3.2
Check: Rd files
Result: NOTE checkRd: (-1) genmf.Rd:26: Lost braces; missing escapes or markup? 26 | \item 'gbellmf' is c(\code{a, b, c}), where \code{a} denotes the width, \code{b} is usually positive and {c} locates the center of the curve. | ^ Flavors: r-devel-linux-x86_64-debian-clang, r-devel-linux-x86_64-debian-gcc, r-devel-linux-x86_64-fedora-clang, r-devel-linux-x86_64-fedora-gcc, r-devel-windows-x86_64, r-patched-linux-x86_64, r-release-linux-x86_64, r-release-macos-arm64, r-release-macos-x86_64, r-release-windows-x86_64, r-oldrel-macos-arm64, r-oldrel-macos-x86_64, r-oldrel-windows-x86_64